{"id":1869,"date":"2021-07-21T03:53:16","date_gmt":"2021-07-21T03:53:16","guid":{"rendered":"https:\/\/estudiosadministrativos.com\/inscripcion\/?page_id=1869"},"modified":"2023-07-15T05:50:46","modified_gmt":"2023-07-15T05:50:46","slug":"grupos-de-clasificacion-de-los-funcionarios","status":"publish","type":"page","link":"https:\/\/estudiosadministrativos.com\/inscripcion\/grupos-de-clasificacion-de-los-funcionarios\/","title":{"rendered":"Grupos de clasificaci\u00f3n de los funcionarios"},"content":{"rendered":"<h2>Grupos de clasificaci\u00f3n de los funcionarios<\/h2>\n<p>Los funcionarios p\u00fablicos se agrupan en distintas categor\u00edas:<\/p>\n<ol>\n<li>Cuerpos: Seg\u00fan el puesto de trabajo (inspectores, inform\u00e1ticos, administrativos,&#8230;)<\/li>\n<li>Escalas: Seg\u00fan la titulaci\u00f3n requerida (bachiller, estudios universitarios,&#8230;)<\/li>\n<li>Grupos: Son A (A1, A2), B, C (C1, C2) y E.<\/li>\n<\/ol>\n<p>Los puestos de funcionario p\u00fablico de la Administraci\u00f3n P\u00fablica\u00a0se clasifican, en funci\u00f3n de la titulaci\u00f3n exigida para el acceso, en 3 grandes grupos:<\/p>\n<ul>\n<li>Grupo A, con dos subgrupos A1 y A2;<\/li>\n<li>Grupo B<\/li>\n<li>Grupo C, con los subgrupos C1 y C2,<\/li>\n<li>Grupo E,\u00a0 cuerpo subalterno.<\/li>\n<\/ul>\n<h2>Grupo A<\/h2>\n<p style=\"padding-left: 40px;\">Para el acceso a los cuerpos o escalas de este Grupo A de funcionarios se exige estar en posesi\u00f3n del T\u00edtulo Universitario de Grado. Tienen el sueldo m\u00e1s alto.<\/p>\n<p style=\"padding-left: 40px;\">Este grupo se divide\u00a0en dos subgrupos, el A1 y A2, en funci\u00f3n de la titulaci\u00f3n exigida para el ingreso.<\/p>\n<h3>Subgrupo A1<\/h3>\n<dl>\n<dd>Se exige la titulaci\u00f3n de Licenciatura, Ingenier\u00eda, Arquitectura o equivalente.<\/p>\n<p>Los funcionarios del grupo A1 realizan funciones directivas de gesti\u00f3n, inspecci\u00f3n, ejecuci\u00f3n, control, estudio y propuesta de car\u00e1cter administrativo de nivel superior.<\/dd>\n<\/dl>\n<h3>Subgrupo A2<\/h3>\n<dl>\n<dd>Se exige la titulaci\u00f3n de Diplomatura, Ingenier\u00eda t\u00e9cnica, Arquitectura t\u00e9cnica o equivalente.<\/p>\n<p>Los funcionarios del grupo A2 que ocupan puestos del Cuerpo de Gesti\u00f3n realizan funciones de colaboraci\u00f3n administrativa de nivel superior y tareas propias de gesti\u00f3n administrativa, no espec\u00edfica de T\u00e9cnicos Superiores, como, por ejemplo, el personal de apoyo de un Jefe de Servicio o de los Jefes de Secci\u00f3n en Personal, Administraci\u00f3n, etc&#8230;<\/dd>\n<\/dl>\n<h2>Grupo B<\/h2>\n<p style=\"padding-left: 40px;\">Se exige el t\u00edtulo de Formaci\u00f3n Profesional de Grado Superior o T\u00e9cnico Superior en FP. Su labor consiste principalmente en tareas de ejecuci\u00f3n y gesti\u00f3n.<\/p>\n<h2>Grupo C<\/h2>\n<p style=\"padding-left: 40px;\">Se divide en los subgrupos\u00a0 C1 y C2, en funci\u00f3n de la titulaci\u00f3n exigida para el ingreso.<\/p>\n<h3>Subgrupo C1<\/h3>\n<dl>\n<dd>Se exige el t\u00edtulo de Bachillerato o de Formaci\u00f3n Profesional de Grado Medio o T\u00e9cnico en FP, Bachiller superior, FP2 o equivalente.<\/p>\n<p>Su labor consiste principalmente en funciones de colaboraci\u00f3n en la realizaci\u00f3n y aporte de datos de informes, propuestas, expedientes; control, seguimiento, registro y archivo de expedientes y documentaci\u00f3n, manejo de terminales de ordenador, tratamiento de textos; comprobaci\u00f3n y realizaci\u00f3n de c\u00e1lculos y operaciones de contabilidad de complejidad media, etc.,<\/dd>\n<\/dl>\n<h3>Subgrupo C2<\/h3>\n<dl>\n<dd>Se exige el t\u00edtulo de graduado en ESO, Graduado Escolar, FP1 o equivalente.<\/p>\n<p>Su labor consiste principalmente en tareas de atenci\u00f3n al p\u00fablico, mecanografiado de documentos, incorporaci\u00f3n de los documentos a los expedientes as\u00ed como su archivo y registro, comprobaci\u00f3n y realizaci\u00f3n de operaciones simples y repetitivos, utilizaci\u00f3n de terminales de ordenador para c\u00e1lculo, tratamiento de textos y otros programas de ofim\u00e1tica b\u00e1sica y, en general, realizaci\u00f3n de actividades administrativas elementales con arreglo a instrucciones recibidas o normas existentes.<\/dd>\n<\/dl>\n<h2>Grupo E<\/h2>\n<p style=\"padding-left: 40px;\">No se exige ninguna de las titulaciones previstas en el sistema educativo. La labor del Cuerpo Subalterno consiste principalmente en tareas de vigilancia, custodia, porteo u otras an\u00e1logas (recibir y repartir correspondencia, manejar y cuidar los aparatos reprogr\u00e1ficos, vigilar y cuidar el buen estado y limpieza del edificio, comprobar la identidad de los visitantes, informar sobre la ubicaci\u00f3n de las diferentes dependencias&#8230;etc.).<\/p>\n<h2>C\u00f3mo promocionan los funcionarios<\/h2>\n<p style=\"padding-left: 40px;\">Las promociones se pueden realizar de forma vertical (ascender), horizontal o de forma cruzada (horizontal y vertical al mismo tiempo). Cuando los funcionarios de los grupos B o C deseen ascender de forma interina, s\u00f3lo podr\u00e1n ascender al Grupo A y deber\u00e1n estar en posesi\u00f3n de\u00a0la titulaci\u00f3n que exige cada cuerpo.<\/p>\n<p>&nbsp;<\/p>\n<hr \/>\n","protected":false},"excerpt":{"rendered":"<p>Grupos de clasificaci\u00f3n de los funcionarios Los funcionarios p\u00fablicos se agrupan en distintas categor\u00edas: Cuerpos: Seg\u00fan el puesto de trabajo (inspectores, inform\u00e1ticos, administrativos,&#8230;) Escalas: Seg\u00fan la titulaci\u00f3n requerida (bachiller, estudios universitarios,&#8230;) Grupos: Son A (A1, A2), B, C (C1, C2) y E. Los puestos de funcionario p\u00fablico de la Administraci\u00f3n P\u00fablica\u00a0se clasifican, en funci\u00f3n de [&hellip;]<\/p>\n","protected":false},"author":3,"featured_media":5214,"parent":0,"menu_order":0,"comment_status":"closed","ping_status":"closed","template":"","meta":{"_et_pb_use_builder":"off","_et_pb_old_content":"","_et_gb_content_width":"","footnotes":""},"class_list":["post-1869","page","type-page","status-publish","has-post-thumbnail","hentry"],"_links":{"self":[{"href":"https:\/\/estudiosadministrativos.com\/inscripcion\/wp-json\/wp\/v2\/pages\/1869","targetHints":{"allow":["GET"]}}],"collection":[{"href":"https:\/\/estudiosadministrativos.com\/inscripcion\/wp-json\/wp\/v2\/pages"}],"about":[{"href":"https:\/\/estudiosadministrativos.com\/inscripcion\/wp-json\/wp\/v2\/types\/page"}],"author":[{"embeddable":true,"href":"https:\/\/estudiosadministrativos.com\/inscripcion\/wp-json\/wp\/v2\/users\/3"}],"replies":[{"embeddable":true,"href":"https:\/\/estudiosadministrativos.com\/inscripcion\/wp-json\/wp\/v2\/comments?post=1869"}],"version-history":[{"count":10,"href":"https:\/\/estudiosadministrativos.com\/inscripcion\/wp-json\/wp\/v2\/pages\/1869\/revisions"}],"predecessor-version":[{"id":4758,"href":"https:\/\/estudiosadministrativos.com\/inscripcion\/wp-json\/wp\/v2\/pages\/1869\/revisions\/4758"}],"wp:featuredmedia":[{"embeddable":true,"href":"https:\/\/estudiosadministrativos.com\/inscripcion\/wp-json\/wp\/v2\/media\/5214"}],"wp:attachment":[{"href":"https:\/\/estudiosadministrativos.com\/inscripcion\/wp-json\/wp\/v2\/media?parent=1869"}],"curies":[{"name":"wp","href":"https:\/\/api.w.org\/{rel}","templated":true}]}}