{"id":3,"date":"2020-04-14T08:48:26","date_gmt":"2020-04-14T08:48:26","guid":{"rendered":"https:\/\/www.estudiosadministrativos.com\/tienda\/?page_id=3"},"modified":"2021-04-27T06:22:50","modified_gmt":"2021-04-27T06:22:50","slug":"politica-privacidad","status":"publish","type":"page","link":"https:\/\/estudiosadministrativos.com\/inscripcion\/politica-privacidad\/","title":{"rendered":"Pol\u00edtica de privacidad"},"content":{"rendered":"<p>Esta p\u00e1gina Web es titularidad de NUEVOS MEDIOS BIZKAIA S.L., cuyos datos de identificaci\u00f3n son los siguientes:<\/p>\n<p>DIRECCI\u00d3N: Elcano 34, 48008-Bilbao<br \/>\nREGISTRO MERCANTIL: Tomo 5906, folio 210, hoja n\u00ba BI-74731<br \/>\nCIF: B\/95985719<br \/>\nDATOS DE CONTACTO: Tfno.: 94 696 05 38. Email: info@estudiosadministrativos.com<\/p>\n<h3>1. INFORMACI\u00d3N Y CONSENTIMIENTO<\/h3>\n<hr \/>\n<p>Mediante la aceptaci\u00f3n de la presente Pol\u00edtica de Privacidad, el Usuario queda informado y presta su consentimiento libre, informado, espec\u00edfico e inequ\u00edvoco para que los datos personales que facilite a trav\u00e9s de esta p\u00e1gina Web (en adelante, el \u00abSitio Web\u00bb) sean tratados por NUEVOS MEDIOS BIZKAIA SL<\/p>\n<h3>2. OBLIGATORIEDAD DE FACILITAR LOS DATOS<\/h3>\n<hr \/>\n<p>Los datos solicitados en los formularios de la Web son con car\u00e1cter general, obligatorios (salvo que en el campo requerido se especifique lo contrario) para cumplir con las finalidades establecidas. Por lo tanto, si no se facilitan los mismos o no se facilitan correctamente no podr\u00e1n atenderse las mismas, sin perjuicio de que podr\u00e1 visualizar libremente el contenido del Sitio Web.<\/p>\n<h3>3. \u00bfCON QU\u00c9 FINALIDAD SE TRATAR\u00c1 LOS DATOS PERSONALES DEL USUARIO Y DURANTE CU\u00c1NTO TIEMPO?<\/h3>\n<hr \/>\n<p>Los datos personales facilitados a trav\u00e9s del Sitio Web ser\u00e1n tratados por NUEVOS MEDIOS BIZKAIA SL conforme a las siguientes finalidades:<\/p>\n<p>&#8211; Gestionar, tramitar y dar respuesta a peticiones, solicitudes, incidencias o consultas del Usuario, cuando este facilite sus datos a trav\u00e9s del formulario \u00abContacto\u00bb. Los datos del Usuario ser\u00e1n conservados con ese fin hasta que \u00e9ste se oponga o revoque su consentimiento<\/p>\n<p>&#8211; Remitir peri\u00f3dicamente a los Usuarios, incluso por medios electr\u00f3nicos, comunicaciones comerciales, relacionadas con productos, servicios, promociones, ofertas, eventos o noticias que puedan resultar de su inter\u00e9s, si el Usuario da su consentimiento marcando la casilla de verificaci\u00f3n correspondiente, o en su caso, se oponga o revoque su consentimiento.<\/p>\n<h3>4. \u00bfQU\u00c9 DATOS DEL USUARIO SE TRATAR\u00c1N?<\/h3>\n<hr \/>\n<p>NUEVOS MEDIOS BIZKAIA SL tratar\u00e1 las siguientes categor\u00edas de datos del Usuario:<\/p>\n<p>&#8211; Datos identificativos: nombre, apellidos y DNI.<\/p>\n<p>&#8211; Datos de contacto: direcci\u00f3n postal, direcci\u00f3n de correo electr\u00f3nico y tel\u00e9fono.<\/p>\n<p>&#8211; Datos de facturaci\u00f3n<\/p>\n<h3>5. \u00bfCU\u00c1L ES LA LEGITIMACI\u00d3N DEL TRATAMIENTO DE LOS DATOS DEL USUARIO?<\/h3>\n<hr \/>\n<p>El tratamiento de los datos del Usuario por parte de INUEVOS MEDIOS BIZKAIA SL. est\u00e1 basado en el consentimiento que se le solicita y que puede retirar en cualquier momento. No obstante, en caso de retirar su consentimiento, ello no afectar\u00e1 a la licitud de los tratamientos efectuados con anterioridad.<\/p>\n<p>Los consentimientos obtenidos para las finalidades mencionadas son independientes por lo que el Usuario podr\u00e1 revocar solo uno de ellos no afectando a los dem\u00e1s.<\/p>\n<h3>6. \u00bfA QU\u00c9 DESTINATARIOS SE COMUNICAR\u00c1N LOS DATOS DEL USUARIO?<\/h3>\n<hr \/>\n<p>Los datos del Usuario no ser\u00e1n comunicados a ninguna otra entidad distinta a NUEVOS MEDIOS BIZKAIA SL., salvo obligaci\u00f3n legal<\/p>\n<h3>7. RESPONSABILIDAD DEL USUARIO<\/h3>\n<hr \/>\n<p>El Usuario:<\/p>\n<p>&#8211; Garantiza que es mayor de 18 a\u00f1os y que los datos que facilita a NUEVOS MEDIOS BIZKAIA SL. son verdaderos, exactos, completos y actualizados. A estos efectos, el Usuario responde de la veracidad de todos los datos que comunique y mantendr\u00e1 convenientemente actualizada la informaci\u00f3n facilitada, de tal forma que responda a su situaci\u00f3n real.<\/p>\n<p>&#8211; Ser\u00e1 responsable de las informaciones falsas o inexactas que proporcione a trav\u00e9s del Sitio Web y de los da\u00f1os y perjuicios, directos o indirectos, que ello cause a NUEVOS MEDIOS BIZKAIA SL o a terceros.<\/p>\n<h3>8. COMUNICACIONES COMERCIALES Y PROMOCIONALES<\/h3>\n<hr \/>\n<p>Una de las finalidades para las que INUEVOS MEDIOS BIZKAIA SL. trata los datos personales proporcionados por parte de los Usuarios es para remitirles comunicaciones electr\u00f3nicas con informaci\u00f3n relativa a productos, servicios, promociones, ofertas, eventos o noticias relevantes para los Usuarios.<\/p>\n<p>En caso de que el Usuario desee dejar de recibir comunicaciones comerciales o promocionales por parte de NUEVOS MEDIOS BIZKAIA SL puede solicitar la baja del servicio enviando un email a la siguiente direcci\u00f3n de correo electr\u00f3nico:<br \/>\nsecretaria@estudioscontables.com<\/p>\n<h3>9. EJERCICIO DE DERECHOS<\/h3>\n<hr \/>\n<p>El Usuario puede enviar un escrito en cualquier momento y de forma gratuita a NUEVOS MEDIOS BIZKAIA SL en secretaria@estudioscontables.com, adjuntando fotocopia de su documento de identidad, para solicitar sus derechos de acceso, rectificaci\u00f3n, supresi\u00f3n, oposici\u00f3n, limitaci\u00f3n, portabilidad de sus datos.<\/p>\n<p>Adem\u00e1s, puede reclamar ante la Agencia Espa\u00f1ola de Protecci\u00f3n de Datos, a trav\u00e9s de la siguiente direcci\u00f3n: Agencia Espa\u00f1ola de Protecci\u00f3n de Datos, C\/ Jorge Juan, 6, 28001-Madrid, cuando el interesado considere que NUEVOS MEDIOS BIZKAIA SL ha vulnerado los derechos que le son reconocidos por la normativa aplicable en protecci\u00f3n de datos.<\/p>\n<h3>10. MEDIDAS DE SEGURIDAD<\/h3>\n<hr \/>\n<p>NUEVOS MEDIOS BIZKAIA SL. tratar\u00e1 los datos del Usuario en todo momento de forma absolutamente confidencial y guardando el preceptivo deber de secreto respecto de los mismos, de conformidad con lo previsto en la normativa de aplicaci\u00f3n, adoptando al efecto las medidas de \u00edndole t\u00e9cnica y organizativas necesarias que garanticen la seguridad de sus datos y eviten su alteraci\u00f3n, p\u00e9rdida, tratamiento o acceso no autorizado, habida cuenta del estado de la tecnolog\u00eda, la naturaleza de los datos almacenados y los riesgos a que est\u00e1n expuestos.<\/p>\n<h3>11. COPYRIGHT DE CONTENIDOS<\/h3>\n<hr \/>\n<p>Los textos, im\u00e1genes, sonidos, animaciones, v\u00eddeos y resto de contenidos incluidos en este website son propiedad de NUEVOS MEDIOS BIZKAIA SL. Queda prohibida la transmisi\u00f3n, distribuci\u00f3n, reproducci\u00f3n o almacenamiento, total o parcial, excepto si se obtiene el previo y expreso consentimiento por escrito de NUEVOS MEDIOS BIZKAIA SL, y salvo cuando se indique lo contrario.<\/p>\n<p style=\"color: #828282;\">\u00a9 2020 Academia Oposiciones (Bilbao).<\/p>\n","protected":false},"excerpt":{"rendered":"<p>Esta p\u00e1gina Web es titularidad de NUEVOS MEDIOS BIZKAIA S.L., cuyos datos de identificaci\u00f3n son los siguientes: DIRECCI\u00d3N: Elcano 34, 48008-Bilbao REGISTRO MERCANTIL: Tomo 5906, folio 210, hoja n\u00ba BI-74731 CIF: B\/95985719 DATOS DE CONTACTO: Tfno.: 94 696 05 38. Email: info@estudiosadministrativos.com 1. INFORMACI\u00d3N Y CONSENTIMIENTO Mediante la aceptaci\u00f3n de la presente Pol\u00edtica de Privacidad, [&hellip;]<\/p>\n","protected":false},"author":3,"featured_media":0,"parent":0,"menu_order":0,"comment_status":"closed","ping_status":"open","template":"","meta":{"_et_pb_use_builder":"","_et_pb_old_content":"","_et_gb_content_width":"","footnotes":""},"class_list":["post-3","page","type-page","status-publish","hentry"],"_links":{"self":[{"href":"https:\/\/estudiosadministrativos.com\/inscripcion\/wp-json\/wp\/v2\/pages\/3","targetHints":{"allow":["GET"]}}],"collection":[{"href":"https:\/\/estudiosadministrativos.com\/inscripcion\/wp-json\/wp\/v2\/pages"}],"about":[{"href":"https:\/\/estudiosadministrativos.com\/inscripcion\/wp-json\/wp\/v2\/types\/page"}],"author":[{"embeddable":true,"href":"https:\/\/estudiosadministrativos.com\/inscripcion\/wp-json\/wp\/v2\/users\/3"}],"replies":[{"embeddable":true,"href":"https:\/\/estudiosadministrativos.com\/inscripcion\/wp-json\/wp\/v2\/comments?post=3"}],"version-history":[{"count":2,"href":"https:\/\/estudiosadministrativos.com\/inscripcion\/wp-json\/wp\/v2\/pages\/3\/revisions"}],"predecessor-version":[{"id":1221,"href":"https:\/\/estudiosadministrativos.com\/inscripcion\/wp-json\/wp\/v2\/pages\/3\/revisions\/1221"}],"wp:attachment":[{"href":"https:\/\/estudiosadministrativos.com\/inscripcion\/wp-json\/wp\/v2\/media?parent=3"}],"curies":[{"name":"wp","href":"https:\/\/api.w.org\/{rel}","templated":true}]}}