{"id":3890,"date":"2022-11-22T19:33:09","date_gmt":"2022-11-22T19:33:09","guid":{"rendered":"https:\/\/estudiosadministrativos.com\/inscripcion\/?page_id=3890"},"modified":"2024-05-13T22:24:11","modified_gmt":"2024-05-13T22:24:11","slug":"informacion-it-txartela","status":"publish","type":"page","link":"https:\/\/estudiosadministrativos.com\/inscripcion\/informacion-it-txartela\/","title":{"rendered":"Informaci\u00f3n IT-Txartela"},"content":{"rendered":"<h2>Informaci\u00f3n IT-Txartela<\/h2>\n<h2>Inscripci\u00f3n en la prueba<\/h2>\n<p>&nbsp;<\/p>\n<h4>Para poder realizar una prueba,<\/h4>\n<div><\/div>\n<div><\/div>\n<div><strong>1.<\/strong> primero deber\u00e1s registrarte en el\u00a0<span style=\"color: #000080;\"><a style=\"color: #000080;\" href=\"http:\/\/www.it-txartela.net\/KZ\/usuario\/gestionUsuario.do\" target=\"_blank\" rel=\"noopener\">formulario de inscripci\u00f3n de la web de IT-Txartela.net<\/a>\u00a0<\/span>creando una clave personal, o bien acudir a uno de los Centros Acreditados.<\/div>\n<ul>\n<li style=\"list-style-type: none;\">\n<ul>\n<li style=\"list-style-type: none;\">\n<ul>\n<li><span style=\"color: #000080;\"><a style=\"color: #000080;\" href=\"http:\/\/www.it-txartela.net\/KZ\/usuario\/ListadoCentros.do?idProvincia=1&amp;cerrada=null\" target=\"_blank\" rel=\"noopener\">Listado de Centros Acreditados<\/a><\/span><\/li>\n<\/ul>\n<\/li>\n<\/ul>\n<\/li>\n<\/ul>\n<div><strong>2.<\/strong>\u00a0En dicho formulario proporcionas los datos personales solicitados\u00a0y eliges el centro donde deseas hacer la prueba.<\/div>\n<ul>\n<li style=\"list-style-type: none;\">\n<ul>\n<li style=\"list-style-type: none;\">\n<ul>\n<li><a href=\"http:\/\/www.it-txartela.net\/KZ\/usuario\/Estaticos.do?req=certif\" target=\"_blank\" rel=\"noopener\"><span style=\"color: #000080;\">Acreditaciones disponibles<\/span><\/a><\/li>\n<\/ul>\n<\/li>\n<\/ul>\n<\/li>\n<\/ul>\n<div><strong>3<\/strong>.<a href=\"http:\/\/www.it-txartela.net\/KZ\/usuario\/Estaticos.do?parametro=exam&amp;req=pruebas\" target=\"_blank\" rel=\"noopener\">\u00a0<span style=\"color: #000080;\">Realizaci\u00f3n de la prueba.<\/span><\/a><\/div>\n<div><\/div>\n<h5><\/h5>\n<p>&nbsp;<\/p>\n<h5><strong>Hay que tener en cuenta los siguientes puntos:<\/strong><\/h5>\n<p>&nbsp;<\/p>\n<ul>\n<li style=\"list-style-type: none;\">\n<ul>\n<li>Para poder matricularse, se puede hacer siempre hasta 4 d\u00edas naturales antes de la fecha del examen, excepto que haya alguna plaza disponible con alguna persona ya inscrita. En tal caso se podr\u00eda realizar una matriculaci\u00f3n incluso el d\u00eda anterior a la fecha del examen.<\/li>\n<li>Ejemplo: Una persona quiere realizar una matr\u00edcula para un examen que es el viernes 22 de enero. Como \u00faltimo d\u00eda podr\u00e1 hacer la inscripci\u00f3n a trav\u00e9s del Formulario de matriculaci\u00f3n el d\u00eda lunes 18. Pero si el martes 19 o el mi\u00e9rcoles 20 o el jueves 21 existe alg\u00fan examen con alguna plaza libre en la que ya haya personas inscritas, tambi\u00e9n ser\u00e1 posible matricularse en este caso.<\/li>\n<li>Es posible realizar m\u00e1s de una prueba de certificaci\u00f3n en un mismo d\u00eda, siempre y cuando sean de certificaciones diferentes y realizando inscripci\u00f3n para cada prueba.<\/li>\n<li>No es posible mantener dos matr\u00edculas abiertas simult\u00e1neamente de un mismo m\u00f3dulo.Por otro lado, el m\u00e1ximo de matr\u00edculas pendientes es 3.<\/li>\n<li>Cada 3 convocatorias consumidas de un certificado, se debe esperar 1 mes para poder matricularse de nuevo en ese certificado.<\/li>\n<li>No se pueden hacer ex\u00e1menes de certificaciones aprobadas.<\/li>\n<li>En el caso de necesitar alguna asistencia especial durante el examen, deber\u00e1 matricularse al menos 1 semana antes de la fecha del examen.<\/li>\n<li>Deber\u00e1 aportar un certificado que acredite su discapacidad en caso de que marque \u00abS\u00ed\u00bb en el formulario de inscripci\u00f3n.<\/li>\n<\/ul>\n<\/li>\n<\/ul>\n<div><\/div>\n<div><\/div>\n<p>&nbsp;<\/p>\n<p>.<\/p>\n","protected":false},"excerpt":{"rendered":"<p>Informaci\u00f3n IT-Txartela Inscripci\u00f3n en la prueba &nbsp; Para poder realizar una prueba, 1. primero deber\u00e1s registrarte en el\u00a0formulario de inscripci\u00f3n de la web de IT-Txartela.net\u00a0creando una clave personal, o bien acudir a uno de los Centros Acreditados. Listado de Centros Acreditados 2.\u00a0En dicho formulario proporcionas los datos personales solicitados\u00a0y eliges el centro donde deseas hacer [&hellip;]<\/p>\n","protected":false},"author":3,"featured_media":5762,"parent":0,"menu_order":0,"comment_status":"closed","ping_status":"closed","template":"","meta":{"_et_pb_use_builder":"","_et_pb_old_content":"","_et_gb_content_width":"","footnotes":""},"class_list":["post-3890","page","type-page","status-publish","has-post-thumbnail","hentry"],"_links":{"self":[{"href":"https:\/\/estudiosadministrativos.com\/inscripcion\/wp-json\/wp\/v2\/pages\/3890","targetHints":{"allow":["GET"]}}],"collection":[{"href":"https:\/\/estudiosadministrativos.com\/inscripcion\/wp-json\/wp\/v2\/pages"}],"about":[{"href":"https:\/\/estudiosadministrativos.com\/inscripcion\/wp-json\/wp\/v2\/types\/page"}],"author":[{"embeddable":true,"href":"https:\/\/estudiosadministrativos.com\/inscripcion\/wp-json\/wp\/v2\/users\/3"}],"replies":[{"embeddable":true,"href":"https:\/\/estudiosadministrativos.com\/inscripcion\/wp-json\/wp\/v2\/comments?post=3890"}],"version-history":[{"count":6,"href":"https:\/\/estudiosadministrativos.com\/inscripcion\/wp-json\/wp\/v2\/pages\/3890\/revisions"}],"predecessor-version":[{"id":3897,"href":"https:\/\/estudiosadministrativos.com\/inscripcion\/wp-json\/wp\/v2\/pages\/3890\/revisions\/3897"}],"wp:featuredmedia":[{"embeddable":true,"href":"https:\/\/estudiosadministrativos.com\/inscripcion\/wp-json\/wp\/v2\/media\/5762"}],"wp:attachment":[{"href":"https:\/\/estudiosadministrativos.com\/inscripcion\/wp-json\/wp\/v2\/media?parent=3890"}],"curies":[{"name":"wp","href":"https:\/\/api.w.org\/{rel}","templated":true}]}}