{"id":4461,"date":"2022-12-26T09:09:15","date_gmt":"2022-12-26T09:09:15","guid":{"rendered":"https:\/\/estudiosadministrativos.com\/inscripcion\/?page_id=4461"},"modified":"2024-10-09T12:50:13","modified_gmt":"2024-10-09T12:50:13","slug":"ope-osakidetza-2024-2025","status":"publish","type":"page","link":"https:\/\/estudiosadministrativos.com\/inscripcion\/ope-osakidetza-2024-2025\/","title":{"rendered":"OPE Osakidetza 2024-2025"},"content":{"rendered":"<p>[et_pb_section fb_built=\u00bb1&#8243; admin_label=\u00bbsection\u00bb _builder_version=\u00bb4.6.0&#8243; width=\u00bb98%\u00bb max_width=\u00bb98%\u00bb][et_pb_row column_structure=\u00bb3_4,1_4&#8243; admin_label=\u00bbrow\u00bb _builder_version=\u00bb4.6.0&#8243; background_size=\u00bbinitial\u00bb background_position=\u00bbtop_left\u00bb background_repeat=\u00bbrepeat\u00bb width=\u00bb100%\u00bb max_width=\u00bb2560px\u00bb custom_padding=\u00bb25px|||||\u00bb][et_pb_column type=\u00bb3_4&#8243; _builder_version=\u00bb4.6.0&#8243; _module_preset=\u00bbdefault\u00bb][et_pb_text _builder_version=\u00bb4.6.0&#8243; _module_preset=\u00bbdefault\u00bb hover_enabled=\u00bb0&#8243; sticky_enabled=\u00bb0&#8243;]<\/p>\n<h3>\u00a0<\/h3>\n<h4 style=\"padding-left: 40px;\">\u00a0<\/h4>\n<h4 style=\"padding-left: 40px;\"><a href='https:\/\/estudiosadministrativos.com\/inscripcion\/ope-gobierno-vasco\/' class='small-button smallblack'>GOBIERNO VASCO<\/a> <a href='https:\/\/estudiosadministrativos.com\/inscripcion\/ope-diputacion\/' class='small-button smallblack'>DIPUTACI\u00d3N<\/a> <a href='https:\/\/estudiosadministrativos.com\/inscripcion\/ope-age\/' class='small-button smallblack'>\u00a0 \u00a0 \u00a0 \u00a0A G E\u00a0 \u00a0 \u00a0 \u00a0<\/a> <a href='https:\/\/estudiosadministrativos.com\/inscripcion\/ope-osakidetza\/' class='small-button smallblack'>OSAKIDETZA<\/a> <a href='https:\/\/estudiosadministrativos.com\/inscripcion\/ope-ayuntamiento\/' class='small-button smallblack'>AYUNTAMIENTOS<\/a> <a href='https:\/\/estudiosadministrativos.com\/inscripcion\/area-de-secretaria\/' class='small-button smallblack'>SECRETAR\u00cdA<\/a> <a href='https:\/\/estudiosadministrativos.com\/test-temarios-oposiciones\/' class='small-button smallblack'>LIBRER\u00cdA ONLINE<\/a><\/h4>\n<pre class=\"wp-block-preformatted\">\u00a0<\/pre>\n<p>[\/et_pb_text][et_pb_post_title meta=\u00bboff\u00bb featured_image=\u00bboff\u00bb _builder_version=\u00bb4.6.0&#8243; _module_preset=\u00bbdefault\u00bb custom_margin=\u00bb|||10px|false|false\u00bb][\/et_pb_post_title][et_pb_text _builder_version=\u00bb4.6.0&#8243; _module_preset=\u00bbdefault\u00bb custom_margin=\u00bb|||10px|false|false\u00bb hover_enabled=\u00bb0&#8243; sticky_enabled=\u00bb0&#8243;]<\/p>\n<p><strong><a href=\"https:\/\/estudiosadministrativos.com\/inscripcion\/bases-especificas-de-osakidetza\/\" target=\"_blank\" rel=\"noopener\"><b id=\"yui_3_17_2_1_1728477956830_196\"><b id=\"yui_3_17_2_1_1728477956830_195\"><b id=\"yui_3_17_2_1_1728477956830_194\">\u25b6\ufe0f<\/b><\/b><\/b>\u00a0Todas las bases espec\u00edficas de Osakidetza 2023<\/a><\/strong><\/p>\n<div class=\"woocommerce columns-4 \"><span class=\"wpfHidden\" data-shortcode-attribute=\"{&quot;limit&quot;:&quot;-1&quot;,&quot;columns&quot;:&quot;4&quot;,&quot;rows&quot;:&quot;&quot;,&quot;orderby&quot;:&quot;id&quot;,&quot;order&quot;:&quot;DESC&quot;,&quot;ids&quot;:&quot;&quot;,&quot;skus&quot;:&quot;&quot;,&quot;category&quot;:&quot;&quot;,&quot;cat_operator&quot;:&quot;IN&quot;,&quot;attribute&quot;:&quot;&quot;,&quot;terms&quot;:&quot;&quot;,&quot;terms_operator&quot;:&quot;IN&quot;,&quot;tag&quot;:&quot;ope osakidetza&quot;,&quot;tag_operator&quot;:&quot;IN&quot;,&quot;visibility&quot;:&quot;visible&quot;,&quot;class&quot;:&quot;&quot;,&quot;page&quot;:1,&quot;paginate&quot;:false,&quot;cache&quot;:false}\"><\/span><ul class=\"products columns-4\">\n<li class=\"product type-product post-6200 status-publish first instock product_cat-cursos-de-oposiciones product_cat-tecnicos-superiores-y-especialidades-medicas product_tag-ope-osakidetza product_tag-tecnico-superior has-post-thumbnail virtual purchasable product-type-simple\">\n\t<a href=\"https:\/\/estudiosadministrativos.com\/inscripcion\/oposiciones\/tecnico-a-medio-en-administracion-y-gestion-de-osakidetza-servicio-vasco-de-salud\/\" class=\"woocommerce-LoopProduct-link woocommerce-loop-product__link\"><span class=\"et_shop_image\"><img loading=\"lazy\" decoding=\"async\" width=\"200\" height=\"133\" src=\"https:\/\/estudiosadministrativos.com\/inscripcion\/wp-content\/uploads\/2026\/02\/tecmedadminosaki2026-200x133.webp\" class=\"attachment-woocommerce_thumbnail size-woocommerce_thumbnail\" alt=\"T\u00e9cnico-a Medio en Administraci\u00f3n y Gesti\u00f3n de Osakidetza\" srcset=\"https:\/\/estudiosadministrativos.com\/inscripcion\/wp-content\/uploads\/2026\/02\/tecmedadminosaki2026-200x133.webp 200w, https:\/\/estudiosadministrativos.com\/inscripcion\/wp-content\/uploads\/2026\/02\/tecmedadminosaki2026-250x166.webp 250w, https:\/\/estudiosadministrativos.com\/inscripcion\/wp-content\/uploads\/2026\/02\/tecmedadminosaki2026-150x100.webp 150w, https:\/\/estudiosadministrativos.com\/inscripcion\/wp-content\/uploads\/2026\/02\/tecmedadminosaki2026.webp 331w\" sizes=\"auto, (max-width: 200px) 100vw, 200px\" title=\"T\u00e9cnico-a Medio en Administraci\u00f3n y Gesti\u00f3n de Osakidetza - Servicio Vasco de Salud\" \/><span class=\"et_overlay\"><\/span><\/span><h2 class=\"woocommerce-loop-product__title\">T\u00e9cnico-a Medio en Administraci\u00f3n y Gesti\u00f3n de Osakidetza &#8211; Servicio Vasco de Salud<\/h2>\n\t<span class=\"price\"><span class=\"woocommerce-Price-amount amount\"><bdi>400,00<span class=\"woocommerce-Price-currencySymbol\">&euro;<\/span><\/bdi><\/span><\/span>\n<\/a><\/li>\n<li class=\"product type-product post-3261 status-publish instock product_cat-cursos-de-oposiciones product_cat-tecnicos-superiores-y-especialidades-medicas product_tag-ope-osakidetza product_tag-tecnico-superior has-post-thumbnail virtual purchasable product-type-simple\">\n\t<a href=\"https:\/\/estudiosadministrativos.com\/inscripcion\/oposiciones\/tecnico-a-superior-en-administracion-y-gestion\/\" class=\"woocommerce-LoopProduct-link woocommerce-loop-product__link\"><span class=\"et_shop_image\"><img loading=\"lazy\" decoding=\"async\" width=\"200\" height=\"133\" src=\"https:\/\/estudiosadministrativos.com\/inscripcion\/wp-content\/uploads\/2022\/04\/tecsupadminosaki2025-200x133.webp\" class=\"attachment-woocommerce_thumbnail size-woocommerce_thumbnail\" alt=\"T\u00e9cnico-a Superior en Administraci\u00f3n y Gesti\u00f3n de Osakidetza\" srcset=\"https:\/\/estudiosadministrativos.com\/inscripcion\/wp-content\/uploads\/2022\/04\/tecsupadminosaki2025-200x133.webp 200w, https:\/\/estudiosadministrativos.com\/inscripcion\/wp-content\/uploads\/2022\/04\/tecsupadminosaki2025-250x166.webp 250w, https:\/\/estudiosadministrativos.com\/inscripcion\/wp-content\/uploads\/2022\/04\/tecsupadminosaki2025-150x100.webp 150w, https:\/\/estudiosadministrativos.com\/inscripcion\/wp-content\/uploads\/2022\/04\/tecsupadminosaki2025.webp 331w\" sizes=\"auto, (max-width: 200px) 100vw, 200px\" title=\"T\u00e9cnico-a Superior en Administraci\u00f3n y Gesti\u00f3n de Osakidetza - Servicio Vasco de Salud\" \/><span class=\"et_overlay\"><\/span><\/span><h2 class=\"woocommerce-loop-product__title\">T\u00e9cnico-a Superior en Administraci\u00f3n y Gesti\u00f3n de Osakidetza &#8211; Servicio Vasco de Salud<\/h2>\n\t<span class=\"price\"><span class=\"woocommerce-Price-amount amount\"><bdi>430,00<span class=\"woocommerce-Price-currencySymbol\">&euro;<\/span><\/bdi><\/span><\/span>\n<\/a><\/li>\n<li class=\"product type-product post-3203 status-publish instock product_cat-acceso-completo-e-ilimitado-a-todos-los-cursos product_cat-cursos-de-oposiciones product_tag-ope-age product_tag-ope-ayuntamiento product_tag-ope-diputacion product_tag-ope-gobierno-vasco product_tag-ope-osakidetza has-post-thumbnail virtual sold-individually purchasable product-type-simple\">\n\t<a href=\"https:\/\/estudiosadministrativos.com\/inscripcion\/oposiciones\/acceso-completo-e-ilimitado-a-todos-los-cursos\/\" class=\"woocommerce-LoopProduct-link woocommerce-loop-product__link\"><span class=\"et_shop_image\"><img loading=\"lazy\" decoding=\"async\" width=\"200\" height=\"133\" src=\"https:\/\/estudiosadministrativos.com\/inscripcion\/wp-content\/uploads\/2022\/03\/ACCESOCOMPLETO-2-200x133.webp\" class=\"attachment-woocommerce_thumbnail size-woocommerce_thumbnail\" alt=\"acceso completo e ilimitado a todos los cursos\" title=\"Acceso completo e ilimitado a todos los cursos\" \/><span class=\"et_overlay\"><\/span><\/span><h2 class=\"woocommerce-loop-product__title\">Acceso completo e ilimitado a todos los cursos<\/h2>\n\t<span class=\"price\"><span class=\"woocommerce-Price-amount amount\"><bdi>790,00<span class=\"woocommerce-Price-currencySymbol\">&euro;<\/span><\/bdi><\/span><\/span>\n<\/a><\/li>\n<li class=\"product type-product post-2781 status-publish last instock product_cat-cursos-de-oposiciones product_cat-administrativos-as product_tag-academia-online product_tag-administrativo-osakidetza product_tag-auxiliar-administrativo product_tag-curso-online product_tag-ope-osakidetza product_tag-ope-osakidetza-2021 product_tag-oposiciones-osakidetza product_tag-osakidetza has-post-thumbnail virtual purchasable product-type-simple\">\n\t<a href=\"https:\/\/estudiosadministrativos.com\/inscripcion\/oposiciones\/administrativo-a-de-osakidetza\/\" class=\"woocommerce-LoopProduct-link woocommerce-loop-product__link\"><span class=\"et_shop_image\"><img loading=\"lazy\" decoding=\"async\" width=\"200\" height=\"133\" src=\"https:\/\/estudiosadministrativos.com\/inscripcion\/wp-content\/uploads\/2021\/12\/adminosaki2026-200x133.webp\" class=\"attachment-woocommerce_thumbnail size-woocommerce_thumbnail\" alt=\"Administrativo-a de Osakidetza\" srcset=\"https:\/\/estudiosadministrativos.com\/inscripcion\/wp-content\/uploads\/2021\/12\/adminosaki2026-200x133.webp 200w, https:\/\/estudiosadministrativos.com\/inscripcion\/wp-content\/uploads\/2021\/12\/adminosaki2026-250x166.webp 250w, https:\/\/estudiosadministrativos.com\/inscripcion\/wp-content\/uploads\/2021\/12\/adminosaki2026-150x100.webp 150w, https:\/\/estudiosadministrativos.com\/inscripcion\/wp-content\/uploads\/2021\/12\/adminosaki2026.webp 331w\" sizes=\"auto, (max-width: 200px) 100vw, 200px\" title=\"Administrativo-a de Osakidetza 2025 - 2026\" \/><span class=\"et_overlay\"><\/span><\/span><h2 class=\"woocommerce-loop-product__title\">Administrativo-a de Osakidetza 2025 &#8211; 2026<\/h2>\n\t<span class=\"price\"><span class=\"woocommerce-Price-amount amount\"><bdi>400,00<span class=\"woocommerce-Price-currencySymbol\">&euro;<\/span><\/bdi><\/span><\/span>\n<\/a><\/li>\n<li class=\"product type-product post-2543 status-publish first instock product_cat-celadores-as product_cat-cursos-de-oposiciones product_tag-celadores-osakidetza product_tag-curso-ope-celadores product_tag-curso-para-la-oposicion-a-celador product_tag-ope-osakidetza has-post-thumbnail virtual purchasable product-type-simple\">\n\t<a href=\"https:\/\/estudiosadministrativos.com\/inscripcion\/oposiciones\/celadores-de-osakidetza\/\" class=\"woocommerce-LoopProduct-link woocommerce-loop-product__link\"><span class=\"et_shop_image\"><img loading=\"lazy\" decoding=\"async\" width=\"200\" height=\"133\" src=\"https:\/\/estudiosadministrativos.com\/inscripcion\/wp-content\/uploads\/2021\/09\/celadoresosaki2026-200x133.webp\" class=\"attachment-woocommerce_thumbnail size-woocommerce_thumbnail\" alt=\"Celadores de Osakidetza\" srcset=\"https:\/\/estudiosadministrativos.com\/inscripcion\/wp-content\/uploads\/2021\/09\/celadoresosaki2026-200x133.webp 200w, https:\/\/estudiosadministrativos.com\/inscripcion\/wp-content\/uploads\/2021\/09\/celadoresosaki2026-250x166.webp 250w, https:\/\/estudiosadministrativos.com\/inscripcion\/wp-content\/uploads\/2021\/09\/celadoresosaki2026-150x100.webp 150w, https:\/\/estudiosadministrativos.com\/inscripcion\/wp-content\/uploads\/2021\/09\/celadoresosaki2026.webp 331w\" sizes=\"auto, (max-width: 200px) 100vw, 200px\" title=\"Celadores de Osakidetza 2026\" \/><span class=\"et_overlay\"><\/span><\/span><h2 class=\"woocommerce-loop-product__title\">Celadores de Osakidetza 2026<\/h2>\n\t<span class=\"price\"><span class=\"woocommerce-Price-amount amount\"><bdi>200,00<span class=\"woocommerce-Price-currencySymbol\">&euro;<\/span><\/bdi><\/span><\/span>\n<\/a><\/li>\n<li class=\"product type-product post-421 status-publish instock product_cat-cursos-de-oposiciones product_cat-auxiliares product_tag-academia-online product_tag-auxiliar-administrativo product_tag-auxiliar-administrativo-de-osakidetza product_tag-curso-online product_tag-ope-osakidetza product_tag-ope-osakidetza-2024 product_tag-oposiciones-osakidetza product_tag-osakidetza has-post-thumbnail virtual purchasable product-type-simple\">\n\t<a href=\"https:\/\/estudiosadministrativos.com\/inscripcion\/oposiciones\/auxiliar-administrativo-a-de-osakidetza\/\" class=\"woocommerce-LoopProduct-link woocommerce-loop-product__link\"><span class=\"et_shop_image\"><img loading=\"lazy\" decoding=\"async\" width=\"200\" height=\"133\" src=\"https:\/\/estudiosadministrativos.com\/inscripcion\/wp-content\/uploads\/2020\/10\/auxadminosaki2026-200x133.webp\" class=\"attachment-woocommerce_thumbnail size-woocommerce_thumbnail\" alt=\"Auxiliar administrativo-a de Osakidetza\" srcset=\"https:\/\/estudiosadministrativos.com\/inscripcion\/wp-content\/uploads\/2020\/10\/auxadminosaki2026-200x133.webp 200w, https:\/\/estudiosadministrativos.com\/inscripcion\/wp-content\/uploads\/2020\/10\/auxadminosaki2026-250x166.webp 250w, https:\/\/estudiosadministrativos.com\/inscripcion\/wp-content\/uploads\/2020\/10\/auxadminosaki2026-150x100.webp 150w, https:\/\/estudiosadministrativos.com\/inscripcion\/wp-content\/uploads\/2020\/10\/auxadminosaki2026.webp 331w\" sizes=\"auto, (max-width: 200px) 100vw, 200px\" title=\"Auxiliar administrativo-a de Osakidetza 2025 - 2026\" \/><span class=\"et_overlay\"><\/span><\/span><h2 class=\"woocommerce-loop-product__title\">Auxiliar administrativo-a de Osakidetza 2025 &#8211; 2026<\/h2>\n\t<span class=\"price\"><span class=\"woocommerce-Price-amount amount\"><bdi>380,00<span class=\"woocommerce-Price-currencySymbol\">&euro;<\/span><\/bdi><\/span><\/span>\n<\/a><\/li>\n<\/ul>\n<\/div>\n<p>[\/et_pb_text][\/et_pb_column][et_pb_column type=\u00bb1_4&#8243; _builder_version=\u00bb3.25&#8243; custom_padding=\u00bb|||\u00bb custom_padding__hover=\u00bb|||\u00bb][et_pb_sidebar _builder_version=\u00bb4.6.0&#8243; _module_preset=\u00bbdefault\u00bb][\/et_pb_sidebar][\/et_pb_column][\/et_pb_row][\/et_pb_section]<\/p>\n","protected":false},"excerpt":{"rendered":"<p>[et_pb_section fb_built=\u00bb1&#8243; admin_label=\u00bbsection\u00bb _builder_version=\u00bb4.6.0&#8243; width=\u00bb98%\u00bb max_width=\u00bb98%\u00bb][et_pb_row column_structure=\u00bb3_4,1_4&#8243; admin_label=\u00bbrow\u00bb _builder_version=\u00bb4.6.0&#8243; background_size=\u00bbinitial\u00bb background_position=\u00bbtop_left\u00bb background_repeat=\u00bbrepeat\u00bb width=\u00bb100%\u00bb max_width=\u00bb2560px\u00bb custom_padding=\u00bb25px|||||\u00bb][et_pb_column type=\u00bb3_4&#8243; _builder_version=\u00bb4.6.0&#8243; _module_preset=\u00bbdefault\u00bb][et_pb_text _builder_version=\u00bb4.6.0&#8243; _module_preset=\u00bbdefault\u00bb hover_enabled=\u00bb0&#8243; sticky_enabled=\u00bb0&#8243;] \u00a0 \u00a0 \u00a0 [\/et_pb_text][et_pb_post_title meta=\u00bboff\u00bb featured_image=\u00bboff\u00bb _builder_version=\u00bb4.6.0&#8243; _module_preset=\u00bbdefault\u00bb custom_margin=\u00bb|||10px|false|false\u00bb][\/et_pb_post_title][et_pb_text _builder_version=\u00bb4.6.0&#8243; _module_preset=\u00bbdefault\u00bb custom_margin=\u00bb|||10px|false|false\u00bb hover_enabled=\u00bb0&#8243; sticky_enabled=\u00bb0&#8243;] \u25b6\ufe0f\u00a0Todas las bases espec\u00edficas de Osakidetza 2023 [\/et_pb_text][\/et_pb_column][et_pb_column type=\u00bb1_4&#8243; _builder_version=\u00bb3.25&#8243; custom_padding=\u00bb|||\u00bb custom_padding__hover=\u00bb|||\u00bb][et_pb_sidebar _builder_version=\u00bb4.6.0&#8243; _module_preset=\u00bbdefault\u00bb][\/et_pb_sidebar][\/et_pb_column][\/et_pb_row][\/et_pb_section]<\/p>\n","protected":false},"author":3,"featured_media":5528,"parent":0,"menu_order":0,"comment_status":"closed","ping_status":"closed","template":"","meta":{"_et_pb_use_builder":"on","_et_pb_old_content":"","_et_gb_content_width":"","footnotes":""},"class_list":["post-4461","page","type-page","status-publish","has-post-thumbnail","hentry"],"_links":{"self":[{"href":"https:\/\/estudiosadministrativos.com\/inscripcion\/wp-json\/wp\/v2\/pages\/4461","targetHints":{"allow":["GET"]}}],"collection":[{"href":"https:\/\/estudiosadministrativos.com\/inscripcion\/wp-json\/wp\/v2\/pages"}],"about":[{"href":"https:\/\/estudiosadministrativos.com\/inscripcion\/wp-json\/wp\/v2\/types\/page"}],"author":[{"embeddable":true,"href":"https:\/\/estudiosadministrativos.com\/inscripcion\/wp-json\/wp\/v2\/users\/3"}],"replies":[{"embeddable":true,"href":"https:\/\/estudiosadministrativos.com\/inscripcion\/wp-json\/wp\/v2\/comments?post=4461"}],"version-history":[{"count":19,"href":"https:\/\/estudiosadministrativos.com\/inscripcion\/wp-json\/wp\/v2\/pages\/4461\/revisions"}],"predecessor-version":[{"id":5810,"href":"https:\/\/estudiosadministrativos.com\/inscripcion\/wp-json\/wp\/v2\/pages\/4461\/revisions\/5810"}],"wp:featuredmedia":[{"embeddable":true,"href":"https:\/\/estudiosadministrativos.com\/inscripcion\/wp-json\/wp\/v2\/media\/5528"}],"wp:attachment":[{"href":"https:\/\/estudiosadministrativos.com\/inscripcion\/wp-json\/wp\/v2\/media?parent=4461"}],"curies":[{"name":"wp","href":"https:\/\/api.w.org\/{rel}","templated":true}]}}