{"id":2559,"date":"2021-10-01T08:59:40","date_gmt":"2021-10-01T08:59:40","guid":{"rendered":"https:\/\/estudiosadministrativos.com\/inscripcion\/?post_type=product&#038;p=2559"},"modified":"2024-09-15T00:42:50","modified_gmt":"2024-09-15T00:42:50","slug":"curso-ley-40-2015","status":"publish","type":"product","link":"https:\/\/estudiosadministrativos.com\/inscripcion\/oposiciones\/curso-ley-40-2015\/","title":{"rendered":"Curso Ley 40-2015, T\u00edtulo preliminar completo, con clases, apuntes, res\u00famenes, esquemas y test"},"content":{"rendered":"<p>[et_pb_section fb_built=\u00bb1&#8243; _builder_version=\u00bb3.22&#8243; custom_padding=\u00bb0px||||false|false\u00bb][et_pb_row _builder_version=\u00bb3.25&#8243; background_size=\u00bbinitial\u00bb background_position=\u00bbtop_left\u00bb background_repeat=\u00bbrepeat\u00bb width=\u00bb100%\u00bb custom_padding=\u00bb0px||0px||false|false\u00bb][et_pb_column type=\u00bb4_4&#8243; _builder_version=\u00bb3.25&#8243; custom_padding=\u00bb|||\u00bb custom_padding__hover=\u00bb|||\u00bb][et_pb_wc_breadcrumb _builder_version=\u00bb3.0.47&#8243;][\/et_pb_wc_breadcrumb][\/et_pb_column][\/et_pb_row][et_pb_row _builder_version=\u00bb4.6.0&#8243; background_size=\u00bbinitial\u00bb background_position=\u00bbtop_left\u00bb background_repeat=\u00bbrepeat\u00bb width=\u00bb100%\u00bb custom_padding=\u00bb0px||||false|false\u00bb][et_pb_column type=\u00bb4_4&#8243; _builder_version=\u00bb3.25&#8243; custom_padding=\u00bb|||\u00bb custom_padding__hover=\u00bb|||\u00bb][et_pb_wc_title _builder_version=\u00bb3.0.47&#8243;][\/et_pb_wc_title][et_pb_wc_price _builder_version=\u00bb3.0.47&#8243;][\/et_pb_wc_price][et_pb_wc_description _builder_version=\u00bb4.6.0&#8243;][\/et_pb_wc_description][et_pb_wc_add_to_cart show_quantity=\u00bboff\u00bb show_stock=\u00bboff\u00bb _builder_version=\u00bb4.6.0&#8243;][\/et_pb_wc_add_to_cart][\/et_pb_column][\/et_pb_row][et_pb_row _builder_version=\u00bb3.25&#8243; background_size=\u00bbinitial\u00bb background_position=\u00bbtop_left\u00bb background_repeat=\u00bbrepeat\u00bb width=\u00bb100%\u00bb][et_pb_column type=\u00bb4_4&#8243; _builder_version=\u00bb3.25&#8243; custom_padding=\u00bb|||\u00bb custom_padding__hover=\u00bb|||\u00bb][et_pb_wc_tabs include_tabs=\u00bbdescription|\u00bb _builder_version=\u00bb4.6.0&#8243;]\t\t\t\t\t[\/et_pb_wc_tabs][et_pb_wc_upsells _builder_version=\u00bb3.0.47&#8243;][\/et_pb_wc_upsells][et_pb_wc_related_products _builder_version=\u00bb3.0.47&#8243;][\/et_pb_wc_related_products][\/et_pb_column][\/et_pb_row][\/et_pb_section]<\/p>\n","protected":false},"excerpt":{"rendered":"<h2>Curso Ley 40-2015<\/h2>\n<h3>T\u00edtulo preliminar completo, con clases, apuntes, res\u00famenes, esquemas y test<\/h3>\n<h4>Tienes acceso hasta que apruebes el examen de tu oposici\u00f3n<\/h4>\n<ul>\n<li><strong><a href=\"https:\/\/estudiosadministrativos.com\/cursos\/course\/view.php?id=83#section-1\" target=\"_blank\" rel=\"noopener\">T\u00cdTULO PRELIMINAR Disposiciones generales, principios de actuaci\u00f3n y funcionamiento del sector p\u00fablico CAP\u00cdTULO I Disposiciones generales; CAP\u00cdTULO II De los \u00f3rganos de las Administraciones P\u00fablicas Secci\u00f3n 1.\u00aa De los \u00f3rganos administrativos (arts. 1 &#8211; 7)<\/a><\/strong><\/li>\n<li><strong><a href=\"https:\/\/estudiosadministrativos.com\/cursos\/course\/view.php?id=83#section-2\" target=\"_blank\" rel=\"noopener\">T\u00cdTULO PRELIMINAR: CAP\u00cdTULO II De los \u00f3rganos de las Administraciones P\u00fablicas: Secci\u00f3n 2.\u00aa Competencia<\/a><\/strong><\/li>\n<li><strong><a href=\"https:\/\/estudiosadministrativos.com\/cursos\/course\/view.php?id=83#section-3\" target=\"_blank\" rel=\"noopener\">T\u00cdTULO PRELIMINAR: CAP\u00cdTULO II, Secci\u00f3n 3.\u00aa \u00d3rganos colegiados de las distintas administraciones p\u00fablicas<\/a><\/strong><\/li>\n<li><strong><a href=\"https:\/\/estudiosadministrativos.com\/cursos\/course\/view.php?id=83#section-4\" target=\"_blank\" rel=\"noopener\">T\u00cdTULO PRELIMINAR: CAP\u00cdTULO II, Secci\u00f3n 4.\u00aa Abstenci\u00f3n y recusaci\u00f3n<\/a><\/strong><\/li>\n<li><strong><a href=\"https:\/\/estudiosadministrativos.com\/cursos\/course\/view.php?id=83#section-5\" target=\"_blank\" rel=\"noopener\">T\u00cdTULO PRELIMINAR: CAP\u00cdTULO III Principios de la potestad sancionadora<\/a><\/strong><\/li>\n<li><strong><a href=\"https:\/\/estudiosadministrativos.com\/cursos\/course\/view.php?id=83#section-6\" target=\"_blank\" rel=\"noopener\">T\u00cdTULO PRELIMINAR: CAP\u00cdTULO IV De la responsabilidad patrimonial de las Administraciones P\u00fablicas<\/a><\/strong><\/li>\n<li><strong><a href=\"https:\/\/estudiosadministrativos.com\/cursos\/course\/view.php?id=83#section-7\" target=\"_blank\" rel=\"noopener\">T\u00cdTULO PRELIMINAR, CAP\u00cdTULO V Funcionamiento electr\u00f3nico del sector p\u00fablico<\/a><\/strong><\/li>\n<li><strong><a href=\"https:\/\/estudiosadministrativos.com\/cursos\/course\/view.php?id=83#section-8\" target=\"_blank\" rel=\"noopener\">TEST de repaso general<\/a><\/strong><\/li>\n<\/ul>\n<p><em>En cuanto realizas la inscripci\u00f3n, te llega un correo electr\u00f3nico con el acceso a la plataforma de estudio<\/em><\/p>\n","protected":false},"featured_media":3840,"comment_status":"closed","ping_status":"closed","template":"","meta":{"_et_pb_use_builder":"on","_et_pb_old_content":"<h2>Curso Ley 40-2015<\/h2>\r\n<h3>T\u00edtulo preliminar completo, con clases, apuntes, res\u00famenes, esquemas y test<\/h3>\r\n<h4>Contenido:<\/h4>\r\n[video width=\"1280\" height=\"720\" mp4=\"https:\/\/estudiosadministrativos.com\/inscripcion\/wp-content\/uploads\/2021\/10\/cursoley40-2015preliminar.mp4\"][\/video]\r\n<ul>\r\n \t<li><strong><a href=\"https:\/\/estudiosadministrativos.com\/cursos\/course\/view.php?id=83#section-1\" target=\"_blank\" rel=\"noopener\">T\u00cdTULO PRELIMINAR Disposiciones generales, principios de actuaci\u00f3n y funcionamiento del sector p\u00fablico CAP\u00cdTULO I Disposiciones generales; CAP\u00cdTULO II De los \u00f3rganos de las Administraciones P\u00fablicas Secci\u00f3n 1.\u00aa De los \u00f3rganos administrativos (arts. 1 - 7)<\/a><\/strong><\/li>\r\n<\/ul>\r\n<ul>\r\n \t<li><strong><a href=\"https:\/\/estudiosadministrativos.com\/cursos\/course\/view.php?id=83#section-2\" target=\"_blank\" rel=\"noopener\">T\u00cdTULO PRELIMINAR: CAP\u00cdTULO II De los \u00f3rganos de las Administraciones P\u00fablicas: Secci\u00f3n 2.\u00aa Competencia<\/a><\/strong><\/li>\r\n<\/ul>\r\n<ul>\r\n \t<li><strong><a href=\"https:\/\/estudiosadministrativos.com\/cursos\/course\/view.php?id=83#section-3\" target=\"_blank\" rel=\"noopener\">T\u00cdTULO PRELIMINAR: CAP\u00cdTULO II, Secci\u00f3n 3.\u00aa \u00d3rganos colegiados de las distintas administraciones p\u00fablicas<\/a><\/strong><\/li>\r\n<\/ul>\r\n<ul>\r\n \t<li><strong><a href=\"https:\/\/estudiosadministrativos.com\/cursos\/course\/view.php?id=83#section-4\" target=\"_blank\" rel=\"noopener\">T\u00cdTULO PRELIMINAR: CAP\u00cdTULO II, Secci\u00f3n 4.\u00aa Abstenci\u00f3n y recusaci\u00f3n<\/a><\/strong><\/li>\r\n<\/ul>\r\n<ul>\r\n \t<li><strong><a href=\"https:\/\/estudiosadministrativos.com\/cursos\/course\/view.php?id=83#section-5\" target=\"_blank\" rel=\"noopener\">T\u00cdTULO PRELIMINAR: CAP\u00cdTULO III Principios de la potestad sancionadora<\/a><\/strong><\/li>\r\n<\/ul>\r\n<ul>\r\n \t<li><strong><a href=\"https:\/\/estudiosadministrativos.com\/cursos\/course\/view.php?id=83#section-6\" target=\"_blank\" rel=\"noopener\">T\u00cdTULO PRELIMINAR: CAP\u00cdTULO IV De la responsabilidad patrimonial de las Administraciones P\u00fablicas<\/a><\/strong><\/li>\r\n<\/ul>\r\n<ul>\r\n \t<li><strong><a href=\"https:\/\/estudiosadministrativos.com\/cursos\/course\/view.php?id=83#section-7\" target=\"_blank\" rel=\"noopener\">T\u00cdTULO PRELIMINAR, CAP\u00cdTULO V Funcionamiento electr\u00f3nico del sector p\u00fablico<\/a><\/strong><\/li>\r\n<\/ul>\r\n<ul>\r\n \t<li><strong><a href=\"https:\/\/estudiosadministrativos.com\/cursos\/course\/view.php?id=83#section-8\" target=\"_blank\" rel=\"noopener\">TEST de repaso general<\/a><\/strong><\/li>\r\n<\/ul>\r\n<em>En cuanto realizas la inscripci\u00f3n, te llega un correo electr\u00f3nico con el acceso a la plataforma de estudio<\/em>","_et_gb_content_width":""},"product_brand":[],"product_cat":[141],"product_tag":[186,185,187],"class_list":{"0":"post-2559","1":"product","2":"type-product","3":"status-publish","4":"has-post-thumbnail","6":"product_cat-cursos-sobre-temas-concretos","7":"product_tag-apuntes-ley-40-2015","8":"product_tag-tema-ley-40-2015","9":"product_tag-test-ley-40-2015","11":"first","12":"instock","13":"virtual","14":"purchasable","15":"product-type-simple"},"_links":{"self":[{"href":"https:\/\/estudiosadministrativos.com\/inscripcion\/wp-json\/wp\/v2\/product\/2559","targetHints":{"allow":["GET"]}}],"collection":[{"href":"https:\/\/estudiosadministrativos.com\/inscripcion\/wp-json\/wp\/v2\/product"}],"about":[{"href":"https:\/\/estudiosadministrativos.com\/inscripcion\/wp-json\/wp\/v2\/types\/product"}],"replies":[{"embeddable":true,"href":"https:\/\/estudiosadministrativos.com\/inscripcion\/wp-json\/wp\/v2\/comments?post=2559"}],"wp:featuredmedia":[{"embeddable":true,"href":"https:\/\/estudiosadministrativos.com\/inscripcion\/wp-json\/wp\/v2\/media\/3840"}],"wp:attachment":[{"href":"https:\/\/estudiosadministrativos.com\/inscripcion\/wp-json\/wp\/v2\/media?parent=2559"}],"wp:term":[{"taxonomy":"product_brand","embeddable":true,"href":"https:\/\/estudiosadministrativos.com\/inscripcion\/wp-json\/wp\/v2\/product_brand?post=2559"},{"taxonomy":"product_cat","embeddable":true,"href":"https:\/\/estudiosadministrativos.com\/inscripcion\/wp-json\/wp\/v2\/product_cat?post=2559"},{"taxonomy":"product_tag","embeddable":true,"href":"https:\/\/estudiosadministrativos.com\/inscripcion\/wp-json\/wp\/v2\/product_tag?post=2559"}],"curies":[{"name":"wp","href":"https:\/\/api.w.org\/{rel}","templated":true}]}}