{"id":3666,"date":"2022-10-02T05:12:30","date_gmt":"2022-10-02T05:12:30","guid":{"rendered":"https:\/\/estudiosadministrativos.com\/inscripcion\/?post_type=product&#038;p=3666"},"modified":"2024-04-20T18:09:30","modified_gmt":"2024-04-20T18:09:30","slug":"auxiliar-administrativo-comunidad-de-madrid","status":"publish","type":"product","link":"https:\/\/estudiosadministrativos.com\/inscripcion\/oposiciones\/auxiliar-administrativo-comunidad-de-madrid\/","title":{"rendered":"Auxiliar Administrativo Comunidad de Madrid 2024-2025"},"content":{"rendered":"<p>[et_pb_section fb_built=\u00bb1&#8243; _builder_version=\u00bb3.22&#8243; custom_padding=\u00bb0px||||false|false\u00bb][et_pb_row _builder_version=\u00bb3.25&#8243; background_size=\u00bbinitial\u00bb background_position=\u00bbtop_left\u00bb background_repeat=\u00bbrepeat\u00bb width=\u00bb100%\u00bb custom_padding=\u00bb0px||0px||false|false\u00bb][et_pb_column type=\u00bb4_4&#8243; _builder_version=\u00bb3.25&#8243; custom_padding=\u00bb|||\u00bb custom_padding__hover=\u00bb|||\u00bb][et_pb_text _builder_version=\u00bb4.6.0&#8243; _module_preset=\u00bbdefault\u00bb]<\/p>\n<h4><a href='https:\/\/estudiosadministrativos.com\/inscripcion\/ope-gobierno-vasco\/' class='small-button smallblack'>GOBIERNO VASCO<\/a> <a href='https:\/\/estudiosadministrativos.com\/inscripcion\/ope-diputacion\/' class='small-button smallblack'>DIPUTACI\u00d3N<\/a> <a href='https:\/\/estudiosadministrativos.com\/inscripcion\/ope-age\/' class='small-button smallblack'>\u00a0 \u00a0 \u00a0 \u00a0A G E\u00a0 \u00a0 \u00a0 \u00a0<\/a> <a href='https:\/\/estudiosadministrativos.com\/inscripcion\/ope-osakidetza\/' class='small-button smallblack'>OSAKIDETZA<\/a> <a href='https:\/\/estudiosadministrativos.com\/inscripcion\/ope-ayuntamiento\/' class='small-button smallblack'>AYUNTAMIENTOS<\/a> <a href='https:\/\/estudiosadministrativos.com\/inscripcion\/area-de-secretaria\/' class='small-button smallblack'>SECRETAR\u00cdA<\/a> <a href='https:\/\/estudiosadministrativos.com\/test-temarios-oposiciones\/' class='small-button smallblack'>LIBRER\u00cdA ONLINE<\/a><\/h4>\n<p><a href='https:\/\/estudiosadministrativos.com\/inscripcion\/cursos\/tecnicos-superiores-y-especialidades-medicas\/' class='small-button smallblack'>T\u00c9CNICOS\/AS SUPERIORES<\/a> <a href='https:\/\/estudiosadministrativos.com\/inscripcion\/cursos\/administrativos-as\/' class='small-button smallblack'>ADMINISTRATIVOS\/AS<\/a> <a href='https:\/\/estudiosadministrativos.com\/inscripcion\/cursos\/auxiliares\/' class='small-button smallblack'>AUXILIARES ADMINISTRATIVOS\/AS<\/a> <a href='https:\/\/estudiosadministrativos.com\/inscripcion\/cursos\/celadores-as\/' class='small-button smallblack'>CELADORES\/AS Y PERSONAL DE APOYO<\/a><\/p>\n<p>[\/et_pb_text][et_pb_wc_breadcrumb _builder_version=\u00bb4.6.0&#8243; _module_preset=\u00bbdefault\u00bb][\/et_pb_wc_breadcrumb][\/et_pb_column][\/et_pb_row][et_pb_row column_structure=\u00bb1_2,1_2&#8243; _builder_version=\u00bb4.6.0&#8243; _module_preset=\u00bbdefault\u00bb width=\u00bb100%\u00bb max_width=\u00bb2560px\u00bb][et_pb_column type=\u00bb1_2&#8243; _builder_version=\u00bb4.6.0&#8243; _module_preset=\u00bbdefault\u00bb][et_pb_wc_images _builder_version=\u00bb4.6.0&#8243; _module_preset=\u00bbdefault\u00bb custom_padding=\u00bb|103px||||\u00bb][\/et_pb_wc_images][\/et_pb_column][et_pb_column type=\u00bb1_2&#8243; _builder_version=\u00bb4.6.0&#8243; _module_preset=\u00bbdefault\u00bb][et_pb_wc_title _builder_version=\u00bb4.6.0&#8243; custom_margin=\u00bb|||0px|false|false\u00bb custom_padding=\u00bb|||0px|false|false\u00bb][\/et_pb_wc_title][et_pb_wc_price _builder_version=\u00bb4.6.0&#8243; custom_margin=\u00bb|||0px|false|false\u00bb custom_padding=\u00bb|||0px||\u00bb][\/et_pb_wc_price][et_pb_text _builder_version=\u00bb4.6.0&#8243; _module_preset=\u00bbdefault\u00bb custom_margin=\u00bb|||0px|false|false\u00bb]<\/p>\n<p><span style=\"color: #003300;\"><strong>\u00a1Aprovecha! <span style=\"text-decoration: underline;\">Un \u00fanico pago hasta que <\/span>apruebes la oposici\u00f3n<\/strong><\/span><\/p>\n<p><span style=\"color: #003300;\"><strong>Incluye las clases de casos pr\u00e1cticos sobre ofim\u00e1tica<\/strong><\/span><\/p>\n<p>&nbsp;<\/p>\n<p>[\/et_pb_text][et_pb_wc_add_to_cart show_quantity=\u00bboff\u00bb show_stock=\u00bboff\u00bb _builder_version=\u00bb4.6.0&#8243; dropdown_menus_font_size=\u00bb17px\u00bb custom_margin=\u00bb-35px|||0px|false|false\u00bb custom_padding=\u00bb|||0px||\u00bb border_width_all_dropdown_menus=\u00bb3px\u00bb][\/et_pb_wc_add_to_cart][et_pb_text _builder_version=\u00bb4.6.0&#8243; _module_preset=\u00bbdefault\u00bb]<\/p>\n<p style=\"text-align: center;\"><strong>SI NO PUEDES ACUDIR EN DIRECTO, Y SOLO PUEDES VER LAS CLASES EN DIFERIDO, HAY UN DESCUENTO DEL 22% (por el valor a\u00f1adido que supone entrenar la situaci\u00f3n de presi\u00f3n al tener que contestar obligatoriamente y no tener que plantear las dudas por los otros canales alternativos). EN ESE CASO, SELECCIONA LA OPCI\u00d3N CORRESPONDIENTE<\/strong><\/p>\n<p><div class='et-learn-more clearfix'>\n\t\t\t\t\t<h3 class='heading-more'>\u00bfQU\u00c9 ESCOJO? \u00bfEN DIRECTO o EN DIFERIDO? \u00bfC\u00d3MO PLANTEO LAS DUDAS SI ESCOJO LA OPCI\u00d3N EN DIFERIDO?<span class='et_learnmore_arrow'><span><\/span><\/span><\/h3>\n\t\t\t\t\t<div class='learn-more-content'>Las clases en directo suelen impartirse, como m\u00ednimo, en <strong>dos sesiones de dos hora a la semana, de 19:00 a 21:00.<\/strong> Si se tiene disponibilidad, nosotros <strong>recomendamos la opci\u00f3n \u00aben directo\u00bb,<\/strong> ya que no hay gran diferencia en el precio y suelen ser participativas. El profesor os llama por vuestro nombre y os plantea preguntas, lo cual os \u00abentrena\u00bb un poco<strong> a acostumbraros a la situaci\u00f3n de tener que contestar algo s\u00ed o s\u00ed.<\/strong> Sobre todo, en el caso de los supuestos pr\u00e1cticos se hace muy productiva la asistencia. Pero <strong>si no tienes disponibilidad horaria, no te preocupes<\/strong>: grabamos la clase y a las tres o cuatro horas ya la puedes ver completa. Despu\u00e9s, la \u00abtroceamos\u00bb y ponemos cada parte de la clase que pertenezca a temas, t\u00edtulos o aspectos diferentes en el correspondiente tema de la plataforma. <strong>\u00bfC\u00f3mo planteo las dudas si escojo la opci\u00f3n en diferido?<\/strong> Para plantear dudas, si escog\u00e9is la opci\u00f3n \u00aben diferido\u00bb, dispon\u00e9is de una <strong>l\u00ednea de whatsapp 24h<\/strong>, <strong>correo electr\u00f3nico<\/strong>, <strong>tel\u00e9fono<\/strong>, incluso pod\u00e9is <strong>entrar a clase<\/strong> los \u00faltimos 15 minutos para preguntar la duda. Transmitimos vuestra duda al profesor y, si hace falta, os llama personalmente para aclararla o, si no es urgente, la aclara en la pr\u00f3xima clase. Informamos a todas las alumnas y alumnos por igual. Tanto los que escogen la opci\u00f3n \u00aben directo\u00bb como los que escogen \u00abdiferido\u00bb reciben los mismos avisos cuando va a haber una clase, los mismos mensajes. Cuando se sube la clase grabada a la plataforma, <strong>se avisa a todos<\/strong>, y cuando est\u00e1 disponible en el Calendario, tambi\u00e9n. El \u00faltimo mes antes del examen pod\u00e9is entrar todos en directo. Tambi\u00e9n puedes escoger en diferido y luego pasarte a en directo; solo abonar\u00edas la diferencia con un cup\u00f3n de descuento por el importe que ya has pagado.<\/div>\n\t\t\t\t<\/div>[\/et_pb_text][\/et_pb_column][\/et_pb_row][et_pb_row _builder_version=\u00bb4.6.0&#8243; background_size=\u00bbinitial\u00bb background_position=\u00bbtop_left\u00bb background_repeat=\u00bbrepeat\u00bb width=\u00bb100%\u00bb custom_padding=\u00bb0px||||false|false\u00bb][et_pb_column type=\u00bb4_4&#8243; _builder_version=\u00bb3.25&#8243; custom_padding=\u00bb|||\u00bb custom_padding__hover=\u00bb|||\u00bb][et_pb_text _builder_version=\u00bb4.6.0&#8243; _module_preset=\u00bbdefault\u00bb]<\/p>\n<p>En cuanto se realiza inscripci\u00f3n, llega un correo<strong> electr\u00f3nico a la cuenta de gmail proporcionada, con un enlace para activar tu cuenta de Gmail en la plataforma de estudio<\/strong>. A partir de ese momento, entrar\u00e1s autom\u00e1ticamente si tienes la sesi\u00f3n de gmail iniciada.<\/p>\n<p>[\/et_pb_text][et_pb_wc_description _builder_version=\u00bb4.6.0&#8243; width=\u00bb103.1%\u00bb module_alignment=\u00bbcenter\u00bb custom_margin=\u00bb|72px||-45px||\u00bb custom_padding=\u00bb|66px||13px||\u00bb][\/et_pb_wc_description][et_pb_wc_add_to_cart show_quantity=\u00bboff\u00bb show_stock=\u00bboff\u00bb _builder_version=\u00bb4.6.0&#8243; dropdown_menus_font_size=\u00bb17px\u00bb custom_margin=\u00bb|||0px||\u00bb custom_padding=\u00bb|||0px||\u00bb border_width_all_dropdown_menus=\u00bb3px\u00bb][\/et_pb_wc_add_to_cart][et_pb_text _builder_version=\u00bb4.6.0&#8243; _module_preset=\u00bbdefault\u00bb]<\/p>\n<p>En cuanto se realiza inscripci\u00f3n, llega un correo<strong> electr\u00f3nico a la cuenta de gmail proporcionada, con un enlace para activar tu cuenta de Gmail en la plataforma de estudio<\/strong>. A partir de ese momento, entrar\u00e1s autom\u00e1ticamente si tienes la sesi\u00f3n de gmail iniciada.<\/p>\n<p>[\/et_pb_text][\/et_pb_column][\/et_pb_row][et_pb_row _builder_version=\u00bb4.6.0&#8243; background_size=\u00bbinitial\u00bb background_position=\u00bbtop_left\u00bb background_repeat=\u00bbrepeat\u00bb width=\u00bb100%\u00bb][et_pb_column type=\u00bb4_4&#8243; _builder_version=\u00bb4.6.0&#8243; _module_preset=\u00bbdefault\u00bb][et_pb_wc_tabs include_tabs=\u00bbdescription|\u00bb _builder_version=\u00bb4.6.0&#8243;]\t\t\t\t\t[\/et_pb_wc_tabs][\/et_pb_column][\/et_pb_row][\/et_pb_section]<\/p>\n","protected":false},"excerpt":{"rendered":"<h2>Auxiliar Administrativo Comunidad de Madrid<\/h2>\n<h3>Curso online interactivo<\/h3>\n<ul>\n<li style=\"list-style-type: none;\">\n<ul>\n<li>Las clases son online y en directo, interactivas. Alumnos y profesor con pizarra se ven y se escuchan mutuamente. Los alumnos pueden intervenir en clase en cualquier momento.<\/li>\n<li>Se graban todas las clases que se imparten, se procesan y aproximadamente tres horas despu\u00e9s est\u00e1n disponibles <strong><a href=\"https:\/\/estudiosadministrativos.com\/cursos\/course\/index.php?categoryid=82\" target=\"_blank\" rel=\"noopener\">en la plataforma de estudio<\/a><\/strong>. Y tanto los alumnos que han acudido al directo como los que las ven luego en diferido pueden visualizarlas tantas veces como quieran sin coste adicional hasta que aprueben el examen correspondiente<\/li>\n<li>Para todas las dudas y preguntas sobre el contenido, dudas en test o en apuntes, cosas que necesiten m\u00e1s explicaci\u00f3n o para cualquier asunto que la alumna o alumno quiera comentar, lo puede hace a trav\u00e9s de un foro en cada bloque de la plataforma, o escribiendo un email, preguntando en el whatsapp, llamando por tel\u00e9fono o en la misma clase. Por cualquiera de estos medios, la profesora o el profesor aclarar\u00e1 las dudas<\/li>\n<li>En cuanto realizas la inscripci\u00f3n, recibes un correo con un enlace para ingresar por primera vez <a href=\"https:\/\/estudiosadministrativos.com\/cursos\/course\/index.php?categoryid=82\" target=\"_blank\" rel=\"noopener\"><strong>en la plataforma<\/strong><\/a><\/li>\n<\/ul>\n<\/li>\n<\/ul>\n<p>&nbsp;<\/p>\n<p style=\"text-align: center;\"><strong>SI NO PUEDES ACUDIR EN DIRECTO, Y SOLO PUEDES VER LAS CLASES EN DIFERIDO, HAY UN DESCUENTO DEL 22% (por el valor a\u00f1adido que supone tener m\u00e1s fuerza de voluntad y tener que plantear las dudas por los otros canales alternativos). EN ESE CASO, SELECCIONA LA OPCI\u00d3N CORRESPONDIENTE<\/strong><\/p>\n<p>&nbsp;<\/p>\n","protected":false},"featured_media":5294,"comment_status":"closed","ping_status":"closed","template":"","meta":{"_et_pb_use_builder":"on","_et_pb_old_content":"<h2>Auxiliar Administrativo Comunidad de Madrid<\/h2>\r\n<h3>Curso online interactivo, con clases online en directo y diferido y con plataforma de estudios que incluye todo el material de estudio<\/h3>\r\n<ul>\r\n \t<li>Se imparte el TEMARIO COMPLETO OFICIAL de Auxiliar Administrativo Comunidad de Madrid PUBLICADO EN EL BOE. Mientras no se haya publicado el temario para el examen, nos basaremos en el temario de la \u00faltima convocatoria.<\/li>\r\n \t<li>Todos los apuntes, ejercicios, test y dem\u00e1s material de estudio es aportado por nosotros. Adem\u00e1s, el alumno tendr\u00e1 acceso a todo el material digitalizado en nuestra <a style=\"font-weight: 950\" href=\"https:\/\/estudiosadministrativos.com\/plataforma-online.php\">PLATAFORMA DE ESTUDIO<\/a>, donde podr\u00e1 adem\u00e1s realizar test cronometrados.<\/li>\r\n \t<li><span style=\"font-weight: 950\">Todas las respuestas a los TEST de la Academia Oposiciones son 100% fiables, las preguntas han sido recogidas y confeccionadas a lo largo de treinta a\u00f1os de dedicaci\u00f3n a las oposiciones, y est\u00e1n actualizados con la Ley actual<\/span>.<\/li>\r\n<\/ul>\r\n&nbsp;\r\n\r\n[learn_more caption=\"\u00daltima convocatoria\"]\r\n<div class=\"field field-name-field-paragraph-title field-type-text field-label-hidden\">\r\n<div class=\"field-items\">\r\n<div class=\"field-item even\">\r\n<h2>Convocatoria 2023<\/h2>\r\n<\/div>\r\n<\/div>\r\n<\/div>\r\n<div id=\"column\" class=\"group-paragraph field-group-div\">\r\n<div class=\"paragraphs-items paragraphs-items-field-subparagraphs paragraphs-items-field-subparagraphs-full paragraphs-items-full\">\r\n<div class=\"field field-name-field-subparagraphs field-type-paragraphs field-label-hidden\">\r\n<div class=\"field-items\">\r\n<div class=\"field-item even\">\r\n<div id=\"paragraph-item-id-352341\" class=\"ds-1col entity entity-paragraphs-item paragraphs-item-two-columns 75-x-25 view-mode-full clearfix\">\r\n<div id=\"two-columns\" class=\"group-paragraph field-group-div\">\r\n<div class=\"paragraphs-items paragraphs-items-field-subparagraphs paragraphs-items-field-subparagraphs-full paragraphs-items-full\">\r\n<div id=\"paragraph-item-id-352335\" class=\"ds-1col entity entity-paragraphs-item paragraphs-item-two-columns-double-text col-md-9 view-mode-full clearfix\">\r\n<div id=\"two-columns-double-text\" class=\"group-paragraph field-group-div\">\r\n<div id=\"two-columns-double-text-information\" class=\"group-paragraph-information field-group-div\">\r\n<div class=\"paragraphs-items paragraphs-items-field-subparagraphs paragraphs-items-field-subparagraphs-full paragraphs-items-full\">\r\n<div class=\"first last\">\r\n<div id=\"paragraph-item-id-352334\" class=\"ds-1col entity entity-paragraphs-item paragraphs-item-text-link view-mode-full clearfix\">\r\n<div id=\"text-link-parrafo\" class=\"group-paragraph field-group-div\">\r\n<div class=\"field field-name-field-description field-type-text-long field-label-hidden\">\r\n<div class=\"field-items\">\r\n<div class=\"field-item even\">\r\n\r\n<strong>Convocatoria<\/strong>:\u00a0<a href=\"https:\/\/www.bocm.es\/boletin\/CM_Orden_BOCM\/2023\/07\/28\/BOCM-20230728-3.PDF\">Orden 1942\/2023, de 17 de julio<\/a> (BOCM de 28 de julio de 2023).\r\n\r\n<strong>N\u00famero de plazas<\/strong>: 170 plazas (13 para el cupo de discapacidad).\r\n\r\n<strong>Sistema selectivo:<\/strong>\u00a0Oposici\u00f3n.\r\n\r\n<\/div>\r\n<\/div>\r\n<\/div>\r\n<\/div>\r\n<\/div>\r\n<\/div>\r\n<\/div>\r\n<\/div>\r\n<\/div>\r\n<\/div>\r\n<\/div>\r\n<\/div>\r\n<\/div>\r\n<\/div>\r\n<\/div>\r\n<\/div>\r\n<\/div>\r\n<\/div>\r\n[\/learn_more][learn_more caption=\"Temario\"]\r\n<h3><strong>TEMARIO<\/strong><\/h3>\r\n<h4><strong>I. Organizaci\u00f3n pol\u00edtica<\/strong><\/h4>\r\n1. La Constituci\u00f3n Espa\u00f1ola de 1978: Caracter\u00edsticas. Los principios constitucionales y los valores superiores. Derechos y deberes fundamentales. Su garant\u00eda y suspensi\u00f3n.\r\n\r\n2. El Estatuto de Autonom\u00eda de la Comunidad de Madrid: Estructura y contenido.\r\nLas competencias de la Comunidad de Madrid: Potestad legislativa, potestad reglamentaria y funci\u00f3n ejecutiva. La Asamblea de Madrid: Composici\u00f3n, elecci\u00f3n y funciones.\r\n\r\n3. La Ley de Gobierno y Administraci\u00f3n de la Comunidad de Madrid: Estructura y\r\ncontenido. El Gobierno de la Comunidad de Madrid. Organizaci\u00f3n y estructura b\u00e1sica de\r\nlas Consejer\u00edas. La Administraci\u00f3n Institucional de la Comunidad de Madrid.\r\n\r\n4. Las fuentes del ordenamiento jur\u00eddico. La Constituci\u00f3n. Las Leyes: Concepto y\r\nclases. Las disposiciones del ejecutivo con fuerza de Ley: Decretos-Leyes y Decretos Legislativos. Los reglamentos: Concepto y clases. Otras fuentes.\r\n\r\n5. El acto administrativo: Caracter\u00edsticas generales. Requisitos. Eficacia. Actos nulos y anulables. La revisi\u00f3n de los actos administrativos. Los recursos administrativos: Concepto y clases. Responsabilidad de las autoridades y personal al servicio de las Administraciones P\u00fablicas.\r\n\r\n6. La Ley del Procedimiento Administrativo Com\u00fan de las Administraciones P\u00fablicas: Objeto y \u00e1mbito de aplicaci\u00f3n. Fases del procedimiento: Iniciaci\u00f3n, ordenaci\u00f3n, instrucci\u00f3n y finalizaci\u00f3n.\r\n\r\n7. La Jurisdicci\u00f3n Contencioso-Administrativa: Su organizaci\u00f3n. Las partes. Actos\r\nimpugnables. Las fases principales del procedimiento contencioso-administrativo.\r\n\r\n8. La Ley 19\/2013, de 9 de diciembre, de transparencia, acceso a la informaci\u00f3n p\u00fablica y buen gobierno: \u00e1mbito de actuaci\u00f3n, publicidad activa y derecho de acceso a la informaci\u00f3n p\u00fablica. Especial referencia a la Comunidad de Madrid. Ley Org\u00e1nica 3\/2018, de 5 de diciembre, de Protecci\u00f3n de Datos Personales y garant\u00eda de los derechos digitales: principios y derechos de las personas. Referencia al Delegado de Protecci\u00f3n de Datos, y al\r\nresponsable y encargado del tratamiento. Especialidades en el Sector P\u00fablico.\r\n\r\n9. Los contratos en el Sector P\u00fablico: Elementos comunes a todos los contratos. Tipos de contratos: Caracter\u00edsticas principales. Procedimientos de contrataci\u00f3n y formas de\r\nadjudicaci\u00f3n: Aspectos principales.\r\n\r\n10. El Texto Refundido de la Ley del Estatuto B\u00e1sico del Empleado P\u00fablico. Personal al servicio de las Administraciones P\u00fablicas. Adquisici\u00f3n y p\u00e9rdida de la condici\u00f3n de\r\nfuncionario. Derechos, deberes e incompatibilidades. Situaciones administrativas. Sistema de retribuciones. R\u00e9gimen disciplinario. Especial referencia a la Ley de la Funci\u00f3n P\u00fablica\r\nde la Comunidad de Madrid.\r\n\r\n11. La Seguridad Social: Caracter\u00edsticas generales y principales Entidades gestoras.\r\nAfiliaci\u00f3n, cotizaci\u00f3n y recaudaci\u00f3n. Acci\u00f3n protectora: Contingencias y prestaciones.\r\n\r\n12. Hacienda P\u00fablica: Normativa b\u00e1sica. La Ley Reguladora de la Hacienda de la\r\nComunidad de Madrid: Estructura y principios generales. Los Presupuestos Generales de\r\nla Comunidad de Madrid. El ciclo presupuestario.\r\n\r\n13. El principio de igualdad entre mujeres y hombres. La tutela contra la discriminaci\u00f3n. El marco normativo para la promoci\u00f3n de la igualdad de g\u00e9nero y para la protecci\u00f3n\r\nintegral contra la violencia de g\u00e9nero, la LGTBI-fobia y la discriminaci\u00f3n por raz\u00f3n de\r\norientaci\u00f3n e identidad sexual. Especial referencia a la Comunidad de Madrid.\r\n\r\n14. Informaci\u00f3n administrativa y atenci\u00f3n al ciudadano en la Comunidad de Madrid\r\nen los canales presencial, electr\u00f3nico y telef\u00f3nico. La Administraci\u00f3n electr\u00f3nica. La identificaci\u00f3n y autenticaci\u00f3n de las personas f\u00edsicas y jur\u00eddicas para las diferentes actuaciones\r\nen la gesti\u00f3n electr\u00f3nica. Especial referencia a la Administraci\u00f3n electr\u00f3nica en la Comunidad de Madrid.\r\n\r\n15. Los documentos administrativos: Concepto, funciones, clasificaci\u00f3n y caracter\u00edsticas. Especial referencia al documento electr\u00f3nico. El registro de documentos: Concepto y funciones. Presentaci\u00f3n, recepci\u00f3n, entrada y salida de documentos. El archivo de documentos: Concepto y funciones. Clases de archivo y criterios de ordenaci\u00f3n. El acceso a\r\nlos documentos administrativos: Sus limitaciones y formas de acceso.\r\n<h4><strong>II. Ofim\u00e1tica<\/strong><\/h4>\r\n16. El explorador de Windows. Gesti\u00f3n de carpetas y archivos. Operaciones de b\u00fasqueda. Herramientas \u201cEste equipo\u201d y \u201cAcceso r\u00e1pido\u201d. Accesorios. Herramientas del sistema.\r\n\r\n17. Procesadores de texto: Word 2016. Principales funciones y utilidades. Creaci\u00f3n\r\ny estructuraci\u00f3n del documento. Gesti\u00f3n, grabaci\u00f3n, recuperaci\u00f3n e impresi\u00f3n de ficheros.\r\nPersonalizaci\u00f3n del entorno de trabajo.\r\n\r\n18. Hojas de c\u00e1lculo: Excel 2016. Principales funciones y utilidades. Libros, hojas y\r\nceldas. Configuraci\u00f3n. Introducci\u00f3n y edici\u00f3n de datos. F\u00f3rmulas y funciones. Gr\u00e1ficos.\r\nGesti\u00f3n de datos. Personalizaci\u00f3n del entorno de trabajo.\r\n\r\n19. Bases de datos: Access 2016. Principales funciones y utilidades. Tablas. Consultas. Formularios. Informes. Relaciones. Importaci\u00f3n, vinculaci\u00f3n y exportaci\u00f3n de datos.\r\n\r\n20. Correo electr\u00f3nico: Outlook 2016. Conceptos elementales y funcionamiento. El\r\nentorno de trabajo. Enviar, recibir, responder y reenviar mensajes. Creaci\u00f3n de mensajes.\r\nReglas de mensaje. Libreta de direcciones.\r\n\r\n21. La Red Internet: origen, evoluci\u00f3n y estado actual. Conceptos b\u00e1sicos sobre protocolos y servicios en Internet. Funcionalidades b\u00e1sicas de los navegadores web.\r\n\r\n[\/learn_more][learn_more caption=\"Precios y opciones de inscripci\u00f3n\"]\r\n<h1>Auxiliar Administrativo Comunidad de Madrid<\/h1>\r\n<ul>\r\n \t<li><strong>No hay permanencia<\/strong>. Las clases son online y en directo, interactivas. Se paga por las horas de clase impartidas en directo.\u00a0 Todas las clases quedan grabadas y a disposici\u00f3n en la plataforma de estudio, donde puedes visualizarlas tantas veces como quieras sin coste alguno<\/li>\r\n \t<li><strong>No importa que te inscribas al curso aunque este haya comenzado<\/strong> y se hayan tratado ya algunos temas, porque tienes todas las clases grabadas, ordenadas por temas, con sus test y apuntes correspondientes, y puedes recuperar la materia impartida. Adem\u00e1s de poder preguntar en clase, puedes formular preguntas en un foro, donde las contestar\u00e1 el profesor.<\/li>\r\n \t<li><strong>Los cursos son c\u00edclicos<\/strong>, y una vez hayas recibido las clases correspondientes a todo el temario, puedes seguir en la plataforma y seguir visualizando las clases grabadas hasta que apruebes el primer examen de la oposici\u00f3n. Tambi\u00e9n puedes acudir otra vez a clases en directo del mismo curso sin coste adicional<\/li>\r\n<\/ul>\r\n[\/learn_more][learn_more caption=\"Instrucciones para acceder a las clases en directo\"]\r\n<h1>Auxiliar Administrativo Comunidad de Madrid<\/h1>\r\n<div>- La clase tiene lugar <strong>a trav\u00e9s de MEET<\/strong> y, por lo tanto, <strong>NO requiere instalaci\u00f3n de software<\/strong>.<\/div>\r\n<div>- \u00danicamente se necesita<strong> tener iniciada la sesi\u00f3n en google<\/strong> con la direcci\u00f3n de email que nos has proporcionado.<\/div>\r\n<div>- El sistema <strong>\u00fanicamente permite entrar al aula a alumnos matriculados<\/strong> que tengan <strong>sesi\u00f3n iniciada en google<\/strong>.<\/div>\r\n<div>- Se puede acceder al aula aproximadamente 15 minutos antes de comenzar la clase, siempre que ya est\u00e9 presente uno de los administradores.<\/div>\r\n<div>- Se recomienda usar el navegador <strong>Chrome<\/strong>, aunque tambi\u00e9n se puede utilizar Firefox (\u00falt. versi\u00f3n).<\/div>\r\n<div>- Tambi\u00e9n se aconseja utilizar <strong>micr\u00f3fono y auriculares<\/strong> con el fin de participar activamente, siempre acord\u00e1ndose de cerrar el micro una vez realizada la pregunta u observaci\u00f3n al profesor.<\/div>\r\n<div>- <strong>Todas las clases en directo quedan grabadas y puedes visualizarlas tantas veces como quieras sin coste adicional<\/strong>.<\/div>\r\n[\/learn_more][learn_more caption=\"Metodolog\u00eda\"]\r\n<h1>Auxiliar Administrativo Comunidad de Madrid<\/h1>\r\n<ul>\r\n \t<li>La clase es online interactiva, de modo que los alumnos ven la pizarra y al profesor, y lo escuchan, as\u00ed como el profesor a los alumnos. Los alumnos pueden intervenir en todo momento para realizar preguntas, y el profesor puede preguntar en todo momento a un alumno concreto.<\/li>\r\n \t<li>En clase se explica la teor\u00eda, haciendo hincapi\u00e9 en lo m\u00e1s importante para la oposici\u00f3n, se realizan esquemas, test y ex\u00e1menes peri\u00f3dicos.<\/li>\r\n \t<li>Es necesario que el alumno estudie tambi\u00e9n en casa todos los d\u00edas, para realizar los ejercicios planteados en la \u00faltima clase, estudiar la materia dada y preparar la siguiente clase.<\/li>\r\n \t<li>Todas las clases se graban en v\u00eddeo y las puedes visualizar despu\u00e9s tantas veces como quieras sin coste adicional.<\/li>\r\n<\/ul>\r\n<div><\/div>\r\n<div><\/div>\r\n[\/learn_more]","_et_gb_content_width":""},"product_brand":[],"product_cat":[40,225],"product_tag":[54,87,389,406],"class_list":{"0":"post-3666","1":"product","2":"type-product","3":"status-publish","4":"has-post-thumbnail","6":"product_cat-cursos-de-oposiciones","7":"product_cat-auxiliares","8":"product_tag-auxiliar-administrativo","9":"product_tag-auxiliar-administrativo-comunidad-de-madrid","10":"product_tag-auxiliar-comunidad-de-madrid","11":"product_tag-ope-2024-2025","13":"first","14":"instock","15":"shipping-taxable","16":"purchasable","17":"product-type-variable"},"_links":{"self":[{"href":"https:\/\/estudiosadministrativos.com\/inscripcion\/wp-json\/wp\/v2\/product\/3666","targetHints":{"allow":["GET"]}}],"collection":[{"href":"https:\/\/estudiosadministrativos.com\/inscripcion\/wp-json\/wp\/v2\/product"}],"about":[{"href":"https:\/\/estudiosadministrativos.com\/inscripcion\/wp-json\/wp\/v2\/types\/product"}],"replies":[{"embeddable":true,"href":"https:\/\/estudiosadministrativos.com\/inscripcion\/wp-json\/wp\/v2\/comments?post=3666"}],"wp:featuredmedia":[{"embeddable":true,"href":"https:\/\/estudiosadministrativos.com\/inscripcion\/wp-json\/wp\/v2\/media\/5294"}],"wp:attachment":[{"href":"https:\/\/estudiosadministrativos.com\/inscripcion\/wp-json\/wp\/v2\/media?parent=3666"}],"wp:term":[{"taxonomy":"product_brand","embeddable":true,"href":"https:\/\/estudiosadministrativos.com\/inscripcion\/wp-json\/wp\/v2\/product_brand?post=3666"},{"taxonomy":"product_cat","embeddable":true,"href":"https:\/\/estudiosadministrativos.com\/inscripcion\/wp-json\/wp\/v2\/product_cat?post=3666"},{"taxonomy":"product_tag","embeddable":true,"href":"https:\/\/estudiosadministrativos.com\/inscripcion\/wp-json\/wp\/v2\/product_tag?post=3666"}],"curies":[{"name":"wp","href":"https:\/\/api.w.org\/{rel}","templated":true}]}}