{"id":3684,"date":"2022-10-07T05:30:03","date_gmt":"2022-10-07T05:30:03","guid":{"rendered":"https:\/\/estudiosadministrativos.com\/inscripcion\/?post_type=product&#038;p=3684"},"modified":"2025-09-19T04:49:42","modified_gmt":"2025-09-19T04:49:42","slug":"tecnico-superior-administracion-del-gobierno-vasco","status":"publish","type":"product","link":"https:\/\/estudiosadministrativos.com\/inscripcion\/oposiciones\/tecnico-superior-administracion-del-gobierno-vasco\/","title":{"rendered":"T\u00e9cnico Superior Administraci\u00f3n del Gobierno Vasco 2025-2026"},"content":{"rendered":"<p>[et_pb_section fb_built=\u00bb1&#8243; _builder_version=\u00bb3.22&#8243; custom_padding=\u00bb0px||||false|false\u00bb][et_pb_row _builder_version=\u00bb3.25&#8243; background_size=\u00bbinitial\u00bb background_position=\u00bbtop_left\u00bb background_repeat=\u00bbrepeat\u00bb width=\u00bb100%\u00bb custom_padding=\u00bb0px||0px||false|false\u00bb][et_pb_column type=\u00bb4_4&#8243; _builder_version=\u00bb3.25&#8243; custom_padding=\u00bb|||\u00bb custom_padding__hover=\u00bb|||\u00bb][et_pb_wc_breadcrumb _builder_version=\u00bb3.0.47&#8243;][\/et_pb_wc_breadcrumb][\/et_pb_column][\/et_pb_row][et_pb_row column_structure=\u00bb1_4,3_4&#8243; _builder_version=\u00bb4.6.0&#8243; background_size=\u00bbinitial\u00bb background_position=\u00bbtop_left\u00bb background_repeat=\u00bbrepeat\u00bb width=\u00bb100%\u00bb custom_padding=\u00bb0px||||false|false\u00bb][et_pb_column type=\u00bb1_4&#8243; _builder_version=\u00bb3.25&#8243; custom_padding=\u00bb|||\u00bb custom_padding__hover=\u00bb|||\u00bb][et_pb_wc_images _builder_version=\u00bb4.6.0&#8243; _module_preset=\u00bbdefault\u00bb][\/et_pb_wc_images][\/et_pb_column][et_pb_column type=\u00bb3_4&#8243; _builder_version=\u00bb3.25&#8243; custom_padding=\u00bb|||\u00bb custom_padding__hover=\u00bb|||\u00bb][et_pb_wc_title _builder_version=\u00bb4.6.0&#8243; custom_margin=\u00bb|||0px|false|false\u00bb custom_padding=\u00bb|||0px|false|false\u00bb][\/et_pb_wc_title][et_pb_wc_price _builder_version=\u00bb4.6.0&#8243; custom_margin=\u00bb|||0px|false|false\u00bb custom_padding=\u00bb|||0px||\u00bb][\/et_pb_wc_price][et_pb_text _builder_version=\u00bb4.6.0&#8243; _module_preset=\u00bbdefault\u00bb]<\/p>\n<p><span style=\"color: #008080;\"><strong><span style=\"text-decoration: underline;\">Un \u00fanico pago hasta que <\/span>apruebes la oposici\u00f3n<\/strong><\/span><\/p>\n<p>&nbsp;<\/p>\n<p>[\/et_pb_text][et_pb_wc_add_to_cart show_quantity=\u00bboff\u00bb show_stock=\u00bboff\u00bb admin_label=\u00bbWoo A\u00f1adir al carrito\u00bb _builder_version=\u00bb4.6.0&#8243; dropdown_menus_font_size=\u00bb17px\u00bb custom_margin=\u00bb5px||5px|0px|false|false\u00bb custom_padding=\u00bb|||0px||\u00bb border_width_all_dropdown_menus=\u00bb3px\u00bb][\/et_pb_wc_add_to_cart][\/et_pb_column][\/et_pb_row][et_pb_row _builder_version=\u00bb4.6.0&#8243; background_size=\u00bbinitial\u00bb background_position=\u00bbtop_left\u00bb background_repeat=\u00bbrepeat\u00bb width=\u00bb100%\u00bb][et_pb_column type=\u00bb4_4&#8243; _builder_version=\u00bb4.6.0&#8243; _module_preset=\u00bbdefault\u00bb][et_pb_wc_description _builder_version=\u00bb4.6.0&#8243; width=\u00bb103.1%\u00bb module_alignment=\u00bbcenter\u00bb custom_margin=\u00bb|72px||-45px||\u00bb custom_padding=\u00bb|66px||13px||\u00bb][\/et_pb_wc_description][et_pb_wc_add_to_cart show_quantity=\u00bboff\u00bb show_stock=\u00bboff\u00bb _builder_version=\u00bb4.6.0&#8243; dropdown_menus_font_size=\u00bb17px\u00bb min_height=\u00bb150.7px\u00bb custom_margin=\u00bb|||0px||\u00bb custom_padding=\u00bb46px|||0px||\u00bb border_width_all_dropdown_menus=\u00bb3px\u00bb][\/et_pb_wc_add_to_cart][et_pb_wc_tabs include_tabs=\u00bbdescription|\u00bb _builder_version=\u00bb4.6.0&#8243;] [\/et_pb_wc_tabs][et_pb_video src=\u00bbhttps:\/\/www.youtube.com\/watch?v=6w6JV6ra0H0&#8243; _builder_version=\u00bb4.6.0&#8243; _module_preset=\u00bbdefault\u00bb][\/et_pb_video][et_pb_video src=\u00bbhttps:\/\/www.youtube.com\/watch?v=nAE-dAZol5c\u00bb _builder_version=\u00bb4.6.0&#8243; _module_preset=\u00bbdefault\u00bb][\/et_pb_video][\/et_pb_column][\/et_pb_row][\/et_pb_section]<\/p>\n","protected":false},"excerpt":{"rendered":"<h2>T\u00e9cnico Superior Administraci\u00f3n del Gobierno Vasco 2025 &#8211; 2026<\/h2>\n<ul>\n<li style=\"list-style-type: none;\">\n<ul>\n<li>Tienes ya <strong><a href=\"https:\/\/estudiosadministrativos.com\/cursos\/course\/index.php?categoryid=58\" target=\"_blank\" rel=\"noopener\">en la plataforma<\/a><\/strong> el temario completo, con clases, muchos temas con dos o tres vueltas, apuntes, esquemas, res\u00famenes y test. Tambi\u00e9n tienes la bater\u00eda de preguntas dividida por temas, con respuestas, tanto en versi\u00f3n online con reordenamiento de preguntas y l\u00edmite de tiempo como en versi\u00f3n PDF y, adem\u00e1s, los apuntes subrayados demostrando la respuesta correcta,\u00a0 En las clases de supuestos pr\u00e1cticos el profesor insta a las alumnas y alumnos a responder, dando pautas para el an\u00e1lisis eficaz.<\/li>\n<li>Se graban todas las clases que se imparten, se procesan y aproximadamente tres horas despu\u00e9s est\u00e1n disponibles en la plataforma de estudio. Todos\/as los\/as los\/las alumnos\/as pueden visualizar las clases tantas veces como quieran sin coste adicional hasta que aprueben el examen correspondiente<\/li>\n<li>Para todas las dudas y preguntas sobre el contenido, dudas en test o en apuntes, cosas que necesiten m\u00e1s explicaci\u00f3n o para cualquier asunto que la alumna o alumno quiera comentar, lo puede hace a trav\u00e9s de un foro en cada bloque de la plataforma, o escribiendo un email, preguntando en el whatsapp, llamando por tel\u00e9fono o en la misma clase. Por cualquiera de estos medios, la profesora o el profesor aclarar\u00e1 las dudas<\/li>\n<li>En cuanto realizas la inscripci\u00f3n, recibes un correo con un enlace para ingresar por primera vez <strong><a href=\"https:\/\/estudiosadministrativos.com\/cursos\/course\/index.php?categoryid=58\" target=\"_blank\" rel=\"noopener\">en la plataforma<\/a><\/strong><\/li>\n<\/ul>\n<\/li>\n<\/ul>\n","protected":false},"featured_media":5991,"comment_status":"closed","ping_status":"closed","template":"","meta":{"_et_pb_use_builder":"on","_et_pb_old_content":"<h2>T\u00e9cnico Superior Administraci\u00f3n del Gobierno Vasco 2025-2026<\/h2>\r\n[learn_more caption=\"TEMARIO (en cuanto se publique el nuevo temario, actualizaremos esta secci\u00f3n)\"]\r\n\r\nTomado de <b id=\"yui_3_17_2_1_1741827801694_28\"><b id=\"yui_3_17_2_1_1741827801694_27\"><b id=\"yui_3_17_2_1_1741827801694_26\"><b id=\"yui_3_17_2_1_1741827801694_25\">\u25b6\ufe0f<\/b><\/b><\/b><\/b>\u00a0<b><a href=\"https:\/\/estudiosadministrativos.com\/cursos\/draftfile.php\/5\/user\/draft\/5513448\/2203976a.pdf\" target=\"_blank\" rel=\"noreferrer noopener\">Bases espec\u00edficas<\/a><\/b>\r\n<h1>TEMARIO espec\u00edfico T\u00e9cnico\/a superior de Administraci\u00f3n del Gobierno Vasco<\/h1>\r\n<h1><span style=\"color: #666666;font-size: 14px\">1.\u2013 Constituci\u00f3n: Estructura y contenido. <\/span><a class=\"autolink\" style=\"font-size: 14px\" title=\"Derechos y deberes fundamentales\" href=\"https:\/\/estudiosadministrativos.com\/cursos\/mod\/resource\/view.php?id=8181\">Derechos y deberes fundamentales<\/a><span style=\"color: #666666;font-size: 14px\">. La organizaci\u00f3n territorial del Estado: Aspectos generales. Las comunidades aut\u00f3nomas: su organizaci\u00f3n y competencia. Los Estatutos de Autonom\u00eda.<\/span><\/h1>\r\n<div>\r\n\r\n2.\u2013 Organizaci\u00f3n pol\u00edtica y administrativa de la Comunidad Aut\u00f3noma del Pa\u00eds Vasco: Principios generales. Aspectos Generales de la distribuci\u00f3n de competencias entre el Estado y la Comunidad Aut\u00f3noma del Pa\u00eds Vasco. El Parlamento Vasco. El Gobierno Vasco y el Lehendakari.\r\n\r\n3.\u2013 Aspectos generales de la distribuci\u00f3n de competencias entre las Instituciones Comunes de la Comunidad Aut\u00f3noma del Pa\u00eds Vasco y los Territorios Hist\u00f3ricos. El concierto econ\u00f3mico. Competencias de las Instituciones Locales.\r\n\r\n4.\u2013 Derecho de la Uni\u00f3n Europea. Breve panorama de las instituciones: Consejo Europeo, Consejo de la Uni\u00f3n Europea, Comisi\u00f3n, Parlamento y Tribunal. Actos jur\u00eddicos: reglamentos y directivas.\r\n\r\n5.\u2013 Fuentes del derecho administrativo: Ley y reglamento. Jerarqu\u00eda normativa. Principio de legalidad de la administraci\u00f3n p\u00fablica. Autotutela de la Administraci\u00f3n P\u00fablica.\r\n\r\n6.\u2013 La organizaci\u00f3n administrativa: los \u00f3rganos administrativos. \u00d3rganos colegiados. Competencia. Delegaci\u00f3n de competencias y delegaci\u00f3n de firma. Avocaci\u00f3n. N.\u00ba 175 martes 13 de septiembre de 2022 BOLET\u00cdN OFICIAL DEL PA\u00cdS VASCO 2022\/3976 (11\/150)\r\n\r\n7.\u2013 Encomienda de gesti\u00f3n. Convenios interadministrativos.\r\n\r\n8.\u2013 Derechos de las personas en sus relaciones con las Administraciones P\u00fablicas. Derecho de acceso a archivos y registros p\u00fablicos.\r\n\r\n9.\u2013 El acto administrativo: producci\u00f3n, contenido, motivaci\u00f3n y forma. La eficacia del acto administrativo. Notificaci\u00f3n y publicaci\u00f3n del acto administrativo, Silencio administrativo. Nulidad y anulabilidad del acto administrativo. Ejecuci\u00f3n de actos administrativos.\r\n\r\n10.\u2013 Procedimiento administrativo: Principios generales; Interesados; Abstenci\u00f3n y recusaci\u00f3n, Fases del procedimiento administrativo, T\u00e9rminos y plazos, Derechos de los interesados en el procedimiento administrativo.\r\n\r\n11.\u2013 Revisi\u00f3n de los actos administrativos: recursos administrativos, revisi\u00f3n de oficio y revocaci\u00f3n. Rectificaci\u00f3n de errores materiales y de hecho.\r\n\r\n12.\u2013 Responsabilidad patrimonial de la administraci\u00f3n p\u00fablica: Principios y procedimiento de exigencia de la responsabilidad patrimonial de las administraciones p\u00fablicas, sus autoridades y personal al servicio de la administraci\u00f3n p\u00fablica.\r\n\r\n13.\u2013 Administraci\u00f3n electr\u00f3nica: El acceso electr\u00f3nico de la ciudadan\u00eda a los servicios p\u00fablicos. El funcionamiento electr\u00f3nico del sector p\u00fablico: sede electr\u00f3nica y portal de internet, sistemas de identificaci\u00f3n y firma electr\u00f3nica. El certificado electr\u00f3nico. El archivo electr\u00f3nico. El expediente administrativo electr\u00f3nico.\r\n\r\n14.\u2013 Documentos administrativos. La expedici\u00f3n de copias y certificaciones de documentos. Legalizaci\u00f3n de firmas. La validaci\u00f3n en la administraci\u00f3n electr\u00f3nica. La identificaci\u00f3n y firma electr\u00f3nica. El certificado electr\u00f3nico.\r\n\r\n15.\u2013 Servicio p\u00fablico. Las formas de gesti\u00f3n de los servicios p\u00fablicos, especialmente la gesti\u00f3n directa y la concesi\u00f3n.\r\n\r\n16.\u2013 Contratos del Sector P\u00fablico: Tipos contractuales. Regulaci\u00f3n armonizada. Contratos administrativos y contratos privados. Contenido y perfecci\u00f3n del contrato. Invalidez del contrato. Recurso especial en materia de contrataci\u00f3n. Preparaci\u00f3n y adjudicaci\u00f3n de contratos. Efectos, cumplimiento y extinci\u00f3n de contratos.\r\n\r\n17.\u2013 Autorizaciones y licencias administrativas. Potestad sancionadora: principios y procedimiento.\r\n\r\n18.\u2013 Normalizaci\u00f3n del uso del euskera: Derechos ling\u00fc\u00edsticos de la ciudadan\u00eda; La lengua de los procedimientos administrativos; El perfil ling\u00fc\u00edstico y su acreditaci\u00f3n; La fecha de preceptividad. Planes de normalizaci\u00f3n del uso del euskera.\r\n\r\n19.\u2013 Personal al servicio de las administraciones p\u00fablicas vascas. Clases de empleados p\u00fablicos. Estructura y organizaci\u00f3n de la funci\u00f3n p\u00fablica. Selecci\u00f3n y promoci\u00f3n de puestos de trabajo. Derechos y deberes de los empleados p\u00fablicos de las administraciones p\u00fablicas vascas. Incompatibilidades. Retribuciones. Situaciones administrativas. R\u00e9gimen disciplinario. Negociaci\u00f3n colectiva del personal funcionario.\r\n\r\n20.\u2013 El personal laboral al servicio de las Administraciones p\u00fablicas. Selecci\u00f3n. Derechos y deberes. El contrato laboral: su contenido, duraci\u00f3n, suspensi\u00f3n y extinci\u00f3n. Modalidades de contrataci\u00f3n laboral.\r\n\r\n21.\u2013 Seguridad social. R\u00e9gimen general. Afiliaci\u00f3n y cotizaci\u00f3n. Acci\u00f3n protectora. Contingencias y prestaciones. N.\u00ba 175 martes 13 de septiembre de 2022 BOLET\u00cdN OFICIAL DEL PA\u00cdS VASCO 2022\/3976 (12\/150)\r\n\r\n22.\u2013 Prevenci\u00f3n de riesgos laborales. Objeto. Derechos y obligaciones: derecho de protecci\u00f3n frente a los riesgos laborales. Principios de la actividad preventiva. Plan de prevenci\u00f3n, evaluaci\u00f3n de riesgos y planificaci\u00f3n de la actividad preventiva. Formaci\u00f3n de los trabajadores. Pantallas de visualizaci\u00f3n de datos.\r\n\r\n23.\u2013 Presupuesto: Concepto, naturaleza y clases. Principios inspiradores. Su tramitaci\u00f3n como Ley. Sistema presupuestario de la Comunidad Aut\u00f3noma del Pa\u00eds Vasco. Contabilidad P\u00fablica de la Comunidad Aut\u00f3noma del Pa\u00eds Vasco.\r\n\r\n24.\u2013 El gasto p\u00fablico: Concepto y clases. Efectos econ\u00f3micos del gasto p\u00fablico. Ejecuci\u00f3n del presupuesto: operaciones necesarias. Gesti\u00f3n de los diversos gastos. Modificaciones presupuestarias. Liquidaci\u00f3n del presupuesto y rendici\u00f3n de cuentas. El control presupuestario. La contabilidad como medio de control.\r\n\r\n25.\u2013 Los ingresos p\u00fablicos: Concepto y clases. Ingresos de la Comunidad Aut\u00f3noma del pa\u00eds vasco. Tasas y precios p\u00fablicos y privados.\r\n\r\n26.\u2013 R\u00e9gimen de ayudas y subvenciones de la Administraci\u00f3n P\u00fablica de la Comunidad Aut\u00f3noma de Euskadi. Normas reguladoras. Competencia para el otorgamiento de subvenciones. Objeto y definici\u00f3n de subvenci\u00f3n. Requisitos y principios generales. Beneficiarios y sus obligaciones. Procedimientos de concesi\u00f3n de subvenciones. Reintegro de subvenciones y ayudas p\u00fablicas.\r\n\r\n27.\u2013 Gobierno Abierto: Concepto y principios informadores. Transparencia: publicidad activa y acceso a la informaci\u00f3n p\u00fablica. Buen Gobierno. Modelo de Gesti\u00f3n P\u00fablica Avanzada del Gobierno Vasco: Aurrerabide.\r\n\r\n28.\u2013 La comunicaci\u00f3n en la administraci\u00f3n: Uso correcto del lenguaje administrativo. Comunicaci\u00f3n escrita: Lenguaje administrativo no sexista. Contenido y presentaci\u00f3n de documentos escritos. Comunicaci\u00f3n oral: Comunicaci\u00f3n y atenci\u00f3n en persona y por tel\u00e9fono. Criterios generales. Comunicaci\u00f3n no verbal.\r\n\r\n29.\u2013 Igualdad: Contexto-antecedentes. Objeto y fin. Principios generales: Igualdad de trato; Igualdad de oportunidades; Respeto a la diversidad y a la diferencia; Integraci\u00f3n de la perspectiva de g\u00e9nero; Acci\u00f3n positiva; Eliminaci\u00f3n de roles y estereotipos en funci\u00f3n del sexo; Representaci\u00f3n equilibrada; Colaboraci\u00f3n y coordinaci\u00f3n. Medidas para promover la igualdad en la normativa y actividad administrativas.\r\n\r\n30.\u2013 Protecci\u00f3n de datos personales: Concepto de dato personal y de tratamiento de datos personales. Categor\u00edas especiales de datos personales. Normativa aplicable en la Administraci\u00f3n de la Comunidad Aut\u00f3noma Vasca. Principios relativos al tratamiento de datos personales. Bases legitimadoras del tratamiento de datos personales. Responsable del tratamiento y encargado del tratamiento. Derechos de las personas en relaci\u00f3n con la protecci\u00f3n de datos. Responsabilidad proactiva.\r\n\r\n31.\u2013 Lanbide-Servicio Vasco de Empleo: naturaleza, fines, funciones, estructura y organizaci\u00f3n\r\n\r\n<\/div>\r\n<ul>\r\n \t<li><\/li>\r\n<\/ul>\r\n[\/learn_more][learn_more caption=\"Instrucciones para acceder a las clases en directo\"]\r\n<h2>T\u00e9cnico\/a superior de Administraci\u00f3n del Gobierno Vasco<\/h2>\r\n<div>- La clase tiene lugar <strong>a trav\u00e9s de MEET<\/strong> y, por lo tanto, <strong>NO requiere instalaci\u00f3n de software<\/strong>.<\/div>\r\n<div>- \u00danicamente se necesita<strong> tener iniciada la sesi\u00f3n en google<\/strong> con la direcci\u00f3n de email que nos has proporcionado.<\/div>\r\n<div>- El sistema <strong>\u00fanicamente permite entrar al aula a alumnos matriculados<\/strong> que tengan <strong>sesi\u00f3n iniciada en google<\/strong>.<\/div>\r\n<div>- Se puede acceder al aula aproximadamente 15 minutos antes de comenzar la clase, siempre que ya est\u00e9 presente uno de los administradores.<\/div>\r\n<div>- Se recomienda usar el navegador <strong>Chrome<\/strong>, aunque tambi\u00e9n se puede utilizar Firefox (\u00falt. versi\u00f3n).<\/div>\r\n<div>- Tambi\u00e9n se aconseja utilizar <strong>micr\u00f3fono y auriculares<\/strong> con el fin de participar activamente, siempre acord\u00e1ndose de cerrar el micro una vez realizada la pregunta u observaci\u00f3n al profesor.<\/div>\r\n<div>- <strong>Todas las clases en directo quedan grabadas y puedes visualizarlas tantas veces como quieras sin coste adicional<\/strong>.<\/div>\r\n[\/learn_more][learn_more caption=\"Metodolog\u00eda\"]\r\n<h2>T\u00e9cnico\/a superior de Administraci\u00f3n del Gobierno Vasco<\/h2>\r\n<ul>\r\n \t<li>La clase es online interactiva, de modo que los alumnos ven la pizarra y al profesor, y lo escuchan, as\u00ed como el profesor a los alumnos. Los alumnos pueden intervenir en todo momento para realizar preguntas, y el profesor puede preguntar en todo momento a un alumno concreto.<\/li>\r\n \t<li>En clase se explica la teor\u00eda, haciendo hincapi\u00e9 en lo m\u00e1s importante para la oposici\u00f3n, se realizan esquemas, test y ex\u00e1menes peri\u00f3dicos.<\/li>\r\n \t<li>Es necesario que el alumno estudie tambi\u00e9n en casa todos los d\u00edas, para realizar los ejercicios planteados en la \u00faltima clase, estudiar la materia dada y preparar la siguiente clase.<\/li>\r\n \t<li>Todas las clases se graban en v\u00eddeo y las puedes visualizar despu\u00e9s tantas veces como quieras sin coste adicional.<\/li>\r\n<\/ul>\r\n<div><\/div>\r\n<div><\/div>\r\n[\/learn_more]","_et_gb_content_width":""},"product_brand":[],"product_cat":[40,228],"product_tag":[54,59,62,402,407,61,408],"class_list":{"0":"post-3684","1":"product","2":"type-product","3":"status-publish","4":"has-post-thumbnail","6":"product_cat-cursos-de-oposiciones","7":"product_cat-tecnicos-superiores-y-especialidades-medicas","8":"product_tag-auxiliar-administrativo","9":"product_tag-auxiliar-administrativo-del-gobierno-vasco","10":"product_tag-auxiliares-gobierno-vasco","11":"product_tag-ope-2024","12":"product_tag-ope-2025","13":"product_tag-ope-gobierno-vasco","14":"product_tag-tecnico-superior-administracion","16":"first","17":"instock","18":"virtual","19":"purchasable","20":"product-type-simple"},"_links":{"self":[{"href":"https:\/\/estudiosadministrativos.com\/inscripcion\/wp-json\/wp\/v2\/product\/3684","targetHints":{"allow":["GET"]}}],"collection":[{"href":"https:\/\/estudiosadministrativos.com\/inscripcion\/wp-json\/wp\/v2\/product"}],"about":[{"href":"https:\/\/estudiosadministrativos.com\/inscripcion\/wp-json\/wp\/v2\/types\/product"}],"replies":[{"embeddable":true,"href":"https:\/\/estudiosadministrativos.com\/inscripcion\/wp-json\/wp\/v2\/comments?post=3684"}],"wp:featuredmedia":[{"embeddable":true,"href":"https:\/\/estudiosadministrativos.com\/inscripcion\/wp-json\/wp\/v2\/media\/5991"}],"wp:attachment":[{"href":"https:\/\/estudiosadministrativos.com\/inscripcion\/wp-json\/wp\/v2\/media?parent=3684"}],"wp:term":[{"taxonomy":"product_brand","embeddable":true,"href":"https:\/\/estudiosadministrativos.com\/inscripcion\/wp-json\/wp\/v2\/product_brand?post=3684"},{"taxonomy":"product_cat","embeddable":true,"href":"https:\/\/estudiosadministrativos.com\/inscripcion\/wp-json\/wp\/v2\/product_cat?post=3684"},{"taxonomy":"product_tag","embeddable":true,"href":"https:\/\/estudiosadministrativos.com\/inscripcion\/wp-json\/wp\/v2\/product_tag?post=3684"}],"curies":[{"name":"wp","href":"https:\/\/api.w.org\/{rel}","templated":true}]}}