{"id":254,"date":"2021-04-06T08:55:33","date_gmt":"2021-04-06T06:55:33","guid":{"rendered":"https:\/\/estudiosadministrativos.com\/test-temarios-oposiciones\/?post_type=product&#038;p=254"},"modified":"2023-04-30T21:49:40","modified_gmt":"2023-04-30T19:49:40","slug":"estatuto-de-autonomia-test","status":"publish","type":"product","link":"https:\/\/estudiosadministrativos.com\/test-temarios-oposiciones\/recurso\/estatuto-de-autonomia-test\/","title":{"rendered":"Apuntes sobre el Estatuto de Autonom\u00eda y Test con 142 preguntas"},"content":{"rendered":"<h3>Apuntes sobre el Estatuto de Autonom\u00eda<\/h3>\n<p><strong>(Competencias del Pa\u00eds Vasco -T\u00edtulo I de Ley Org\u00e1nica 3\/1979, de 18 de diciembre)<\/strong><\/p>\n<p style=\"font-size: 200%; text-align: left;\"><strong>+<\/strong><\/p>\n<p><strong>TEST con 142 preguntas de opci\u00f3n m\u00faltiple, con hoja de respuestas, sobre todo el Estatuto<\/strong><\/p>\n<hr \/>\n<p>Es\u00a0 importante leer los apuntes sobre el Estatuto de Autonom\u00eda antes de comenzar a realizar el test.<\/p>\n<hr \/>\n<p><a href=\"https:\/\/www.boe.es\/buscar\/pdf\/1979\/BOE-A-1979-30177-consolidado.pdf\" target=\"_blank\" rel=\"nofollow noopener\">Puedes descargar la Ley Org\u00e1nica 3\/1979, de 18 de diciembre, de Estatuto de Autonom\u00eda para el Pa\u00eds Vasco pinchando en este enlace.<\/a><\/p>\n<hr \/>\n<p>Extracto de los apuntes sobre el Estatuto de Autonom\u00eda<\/p>\n<p><strong>Reparto estatutario de competencias legislativas y ejecutivas:<\/strong><\/p>\n<ul>\n<li>Competencias exclusivas: Art\u00edculo 10<\/li>\n<li>Competencias de desarrollo de leyes estatales o de bases: Art\u00edculo 11<\/li>\n<li>Competencias ejecutivas sobre leyes estatales: Art\u00edculo 12<\/li>\n<\/ul>\n<p>&nbsp;<\/p>\n<p><strong>Art\u00edculo 10. (Competencias legislativas exclusivas)<\/strong><\/p>\n<p>La Comunidad Aut\u00f3noma del Pa\u00eds Vasco tiene <strong>competencia exclusiva<\/strong> en las siguientes materias:<br \/>\n1. <span style=\"text-decoration: underline;\">Demarcaciones territoriales municipales<\/span>, sin perjuicio de las facultades correspondientes a los Territorios Hist\u00f3ricos, de acuerdo con lo dispuesto en el art\u00edculo 37 de este Estatuto.<br \/>\n2. <span style=\"text-decoration: underline;\">Organizaci\u00f3n, r\u00e9gimen y funcionamiento de sus instituciones de autogobierno<\/span> dentro de las normas del presente Estatuto.<br \/>\n3. <span style=\"text-decoration: underline;\">Legislaci\u00f3n electoral interior<\/span> que afecte al Parlamento Vasco, Juntas Generales y Diputaciones Forales, en los t\u00e9rminos previstos por el presente Estatuto y sin perjuicio de las facultades correspondientes a los Territorios Hist\u00f3ricos, de acuerdo con lo dispuesto en el art\u00edculo 37 del mismo.<br \/>\n4. <span style=\"text-decoration: underline;\">R\u00e9gimen Local y Estatuto de los Funcionarios del Pa\u00eds Vasco y de su Administraci\u00f3n Local<\/span>, sin perjuicio de lo establecido en el art\u00edculo 149.1.18 CE (PAC, EBE\u2026)<br \/>\n5. <span style=\"text-decoration: underline;\">Conservaci\u00f3n, modificaci\u00f3n y desarrollo del Derecho Civil Foral y especial<\/span>, escrito o consuetudinario propio de los Territorios Hist\u00f3ricos que integran el Pa\u00eds Vasco y la fijaci\u00f3n del \u00e1mbito territorial de su vigencia.<br \/>\n6. <span style=\"text-decoration: underline;\">Normas procesales y de procedimientos administrativo y econ\u00f3mico-administrativo<\/span> que se deriven de las especialidades del derecho sustantivo y de la organizaci\u00f3n propia del Pa\u00eds Vasco.<\/p>\n<p>7. <span style=\"text-decoration: underline;\">Bienes de dominio p\u00fablico y patrimoniales<\/span> cuya titularidad corresponda a la Comunidad Aut\u00f3noma, as\u00ed como las servidumbres p\u00fablicas en materias de sus competencias.<br \/>\n8. <span style=\"text-decoration: underline;\">Montes, aprovechamientos y servicios forestales, v\u00edas pecuarias y pastos<\/span>, sin perjuicio de lo dispuesto en el art\u00edculo 149.1.23.a de la Constituci\u00f3n.<br \/>\n9. <span style=\"text-decoration: underline;\">Agricultura y ganader\u00eda<\/span>, de acuerdo con la ordenaci\u00f3n general de la econom\u00eda.<br \/>\n10. <span style=\"text-decoration: underline;\">Pesca en aguas interiores, marisqueo y acuicultura, caza y pesca fluvial y lacustre<\/span>. (Lagos)<br \/>\n11. <span style=\"text-decoration: underline;\">Aprovechamientos hidr\u00e1ulicos, canales y regad\u00edos<\/span> cuando las aguas discurran \u00edntegramente dentro del Pa\u00eds Vasco; instalaciones de producci\u00f3n, distribuci\u00f3n y transporte de energ\u00eda, cuando este transporte no salga de su territorio y su aprovechamiento no afecte a otra provincia o Comunidad Aut\u00f3noma; aguas minerales, termales y subterr\u00e1neas. Todo ello sin perjuicio de lo establecido en el art\u00edculo 149.1.25 CE (Bases de r\u00e9gimen minero y energ\u00e9tico)<\/p>\n<p>12. <span style=\"text-decoration: underline;\">Asistencia social<\/span>.<br \/>\n13. <span style=\"text-decoration: underline;\">Fundaciones y Asociaciones de car\u00e1cter docente, cultural, art\u00edstico, ben\u00e9fico, asistencial y <span style=\"font-size: 16px;\">similares,<\/span> en tanto desarrollen principalmente sus funciones en el Pa\u00eds Vasco.<\/span><\/p>\n<p>14. <span style=\"text-decoration: underline;\">Organizaci\u00f3n, r\u00e9gimen y funcionamiento de las Instituciones y establecimientos de protecci\u00f3n y tutela de menores<\/span>, penitenciarios y de reinserci\u00f3n social, conforme a la legislaci\u00f3n general en materia civil, penal y penitenciaria.<br \/>\n15. <span style=\"text-decoration: underline;\">Ordenaci\u00f3n farmac\u00e9utica<\/span> de acuerdo con lo dispuesto en el art\u00edculo 149.1.16.a de la Constituci\u00f3n, e higiene, teniendo en cuenta lo dispuesto en el art\u00edculo 18 de este Estatuto.<br \/>\n16. <span style=\"text-decoration: underline;\">Investigaci\u00f3n cient\u00edfica y t\u00e9cnica<\/span> en coordinaci\u00f3n con el Estado.<\/p>\n<p>17. <span style=\"text-decoration: underline;\">Cultura<\/span>, sin perjuicio de lo dispuesto en el art\u00edculo 149.2* de la Constituci\u00f3n.<br \/>\n18. <span style=\"text-decoration: underline;\">Instituciones relacionadas con el fomento y ense\u00f1anza de las Bellas Artes<\/span>. Artesan\u00eda.<br \/>\n19. <span style=\"text-decoration: underline;\">Patrimonio hist\u00f3rico, art\u00edstico, monumental, arqueol\u00f3gico y cient\u00edfico<\/span>, asumiendo la nComunidad Aut\u00f3noma el cumplimiento de las normas y obligaciones que establezca el Estado para la defensa de dicho patrimonio contra la exportaci\u00f3n y la expoliaci\u00f3n.<br \/>\n20. <span style=\"text-decoration: underline;\">Archivos, Bibliotecas y Museos<\/span> que no sean de titularidad estatal.<br \/>\n21. <span style=\"text-decoration: underline;\">C\u00e1mara Agrarias, de la Propiedad, Cofrad\u00edas de Pescadores, C\u00e1maras de Comercio, Industria y Navegaci\u00f3n<\/span>, sin perjuicio de la competencia del Estado en materia de comercio exterior.<br \/>\n22. <span style=\"text-decoration: underline;\">Colegios Profesionales<\/span> y ejercicio de las profesiones tituladas, sin perjuicio de lo dispuesto en los art\u00edculos 36 y 139 de la Constituci\u00f3n. Nombramiento de Notarios de acuerdo con las Leyes del Estado.<br \/>\n23. <span style=\"text-decoration: underline;\">Cooperativas, Mutualidades no integradas en la Seguridad Social y P\u00f3sitos<\/span>, conforme a la legislaci\u00f3n general en materia mercantil.<br \/>\n24. <span style=\"text-decoration: underline;\">Sector p\u00fablico propio del Pa\u00eds Vasco<\/span> en cuanto no est\u00e9 afectado por otras normas de este Estatuto.<br \/>\n25. <span style=\"text-decoration: underline;\">Promoci\u00f3n, desarrollo econ\u00f3mico y planificaci\u00f3n de la actividad econ\u00f3mica del Pa\u00eds Vasco<\/span> de acuerdo con la ordenaci\u00f3n general de la econom\u00eda.<br \/>\n26. <span style=\"text-decoration: underline;\">Instituciones de cr\u00e9dito corporativo, publico y territorial y Cajas de Ahorro<\/span> en el marco de las bases que sobre ordenaci\u00f3n del cr\u00e9dito y la banca dicte el Estado y de la pol\u00edtica monetaria<br \/>\ngeneral.<\/p>\n","protected":false},"excerpt":{"rendered":"<p>142 preguntas tipo TEST sobre el Estatuto de Autonom\u00eda del Pa\u00eds Vasco + Apuntes sobre las Competencias del Pa\u00eds Vasco -T\u00edtulo I de Ley Org\u00e1nica 3\/1979, de 18 de diciembre<\/p>\n","protected":false},"featured_media":380,"comment_status":"open","ping_status":"closed","template":"","meta":{"site-sidebar-layout":"default","site-content-layout":"default","ast-site-content-layout":"default","site-content-style":"default","site-sidebar-style":"default","ast-global-header-display":"","ast-banner-title-visibility":"","ast-main-header-display":"","ast-hfb-above-header-display":"","ast-hfb-below-header-display":"","ast-hfb-mobile-header-display":"","site-post-title":"","ast-breadcrumbs-content":"","ast-featured-img":"","footer-sml-layout":"","ast-disable-related-posts":"","theme-transparent-header-meta":"default","adv-header-id-meta":"","stick-header-meta":"","header-above-stick-meta":"","header-main-stick-meta":"","header-below-stick-meta":"","astra-migrate-meta-layouts":"default","ast-page-background-enabled":"default","ast-page-background-meta":{"desktop":{"background-color":"","background-image":"","background-repeat":"repeat","background-position":"center center","background-size":"auto","background-attachment":"scroll","background-type":"","background-media":"","overlay-type":"","overlay-color":"","overlay-opacity":"","overlay-gradient":""},"tablet":{"background-color":"","background-image":"","background-repeat":"repeat","background-position":"center center","background-size":"auto","background-attachment":"scroll","background-type":"","background-media":"","overlay-type":"","overlay-color":"","overlay-opacity":"","overlay-gradient":""},"mobile":{"background-color":"","background-image":"","background-repeat":"repeat","background-position":"center center","background-size":"auto","background-attachment":"scroll","background-type":"","background-media":"","overlay-type":"","overlay-color":"","overlay-opacity":"","overlay-gradient":""}},"ast-content-background-meta":{"desktop":{"background-color":"var(--ast-global-color-5)","background-image":"","background-repeat":"repeat","background-position":"center center","background-size":"auto","background-attachment":"scroll","background-type":"","background-media":"","overlay-type":"","overlay-color":"","overlay-opacity":"","overlay-gradient":""},"tablet":{"background-color":"var(--ast-global-color-5)","background-image":"","background-repeat":"repeat","background-position":"center center","background-size":"auto","background-attachment":"scroll","background-type":"","background-media":"","overlay-type":"","overlay-color":"","overlay-opacity":"","overlay-gradient":""},"mobile":{"background-color":"var(--ast-global-color-5)","background-image":"","background-repeat":"repeat","background-position":"center center","background-size":"auto","background-attachment":"scroll","background-type":"","background-media":"","overlay-type":"","overlay-color":"","overlay-opacity":"","overlay-gradient":""}}},"product_brand":[],"product_cat":[44,219,35,72],"product_tag":[47,49,25,48],"class_list":{"0":"post-254","1":"product","2":"type-product","3":"status-publish","4":"has-post-thumbnail","6":"product_cat-apuntes-del-temario-oposiciones","7":"product_cat-estatutos-de-autonomia","8":"product_cat-test-apuntes-temarios-recursos","9":"product_cat-test-de-oposiciones","10":"product_tag-apuntes-estatuto-autonomia","11":"product_tag-auxiliar-administrativo","12":"product_tag-oposicion","13":"product_tag-test-estatuto","14":"desktop-align-left","15":"tablet-align-left","16":"mobile-align-left","18":"first","19":"instock","20":"downloadable","21":"virtual","22":"purchasable","23":"product-type-simple"},"_links":{"self":[{"href":"https:\/\/estudiosadministrativos.com\/test-temarios-oposiciones\/wp-json\/wp\/v2\/product\/254","targetHints":{"allow":["GET"]}}],"collection":[{"href":"https:\/\/estudiosadministrativos.com\/test-temarios-oposiciones\/wp-json\/wp\/v2\/product"}],"about":[{"href":"https:\/\/estudiosadministrativos.com\/test-temarios-oposiciones\/wp-json\/wp\/v2\/types\/product"}],"replies":[{"embeddable":true,"href":"https:\/\/estudiosadministrativos.com\/test-temarios-oposiciones\/wp-json\/wp\/v2\/comments?post=254"}],"wp:featuredmedia":[{"embeddable":true,"href":"https:\/\/estudiosadministrativos.com\/test-temarios-oposiciones\/wp-json\/wp\/v2\/media\/380"}],"wp:attachment":[{"href":"https:\/\/estudiosadministrativos.com\/test-temarios-oposiciones\/wp-json\/wp\/v2\/media?parent=254"}],"wp:term":[{"taxonomy":"product_brand","embeddable":true,"href":"https:\/\/estudiosadministrativos.com\/test-temarios-oposiciones\/wp-json\/wp\/v2\/product_brand?post=254"},{"taxonomy":"product_cat","embeddable":true,"href":"https:\/\/estudiosadministrativos.com\/test-temarios-oposiciones\/wp-json\/wp\/v2\/product_cat?post=254"},{"taxonomy":"product_tag","embeddable":true,"href":"https:\/\/estudiosadministrativos.com\/test-temarios-oposiciones\/wp-json\/wp\/v2\/product_tag?post=254"}],"curies":[{"name":"wp","href":"https:\/\/api.w.org\/{rel}","templated":true}]}}