{"id":389,"date":"2021-04-10T21:27:40","date_gmt":"2021-04-10T19:27:40","guid":{"rendered":"https:\/\/estudiosadministrativos.com\/test-temarios-oposiciones\/?post_type=product&#038;p=389"},"modified":"2023-04-30T21:47:35","modified_gmt":"2023-04-30T19:47:35","slug":"test-de-la-ley-39-2015-2","status":"publish","type":"product","link":"https:\/\/estudiosadministrativos.com\/test-temarios-oposiciones\/recurso\/test-de-la-ley-39-2015-2\/","title":{"rendered":"98 preguntas tipo TEST de la Ley 39\/2015 T\u00edtulo IV Fases del Procedimiento"},"content":{"rendered":"<h2>TEST de la Ley 39\/2015<\/h2>\n<p>98 preguntas dedicadas a las <strong>Fases del Procedimiento<\/strong>, con hoja de respuestas<\/p>\n<hr \/>\n<p><a href=\"https:\/\/www.boe.es\/buscar\/pdf\/2015\/BOE-A-2015-10565-consolidado.pdf\" target=\"_blank\" rel=\"nofollow noopener\">Puedes descargar un ejemplar en pdf de la Ley 39\/2015 pinchando en este enlace<\/a><\/p>\n<hr \/>\n<p><em>Antes de comenzar con los test de la Ley 39\/2015, es conveniente leer y asimilar bien la Ley.<\/em><\/p>\n<p><strong>LEY DE PROCEDIMIENTO ADMINISTRATIVO COM\u00daN<\/strong><br \/>\n<strong>Ley 39\/2015, de 1 de octubre, del Procedimiento Administrativo Com\u00fan de las Administraciones P\u00fablicas<\/strong><\/p>\n<p style=\"padding-left: 40px;\">\u2022 Pre\u00e1mbulo<br \/>\n\u2022 T\u00edtulo preliminar<br \/>\n\u2022 T\u00edtulos I, II, III, IV, V, VI. Divididos en cap\u00edtulos, secciones y subsecciones (lo que da una idea de la amplitud de la ley).<br \/>\n\u2022 Cinco disposiciones adicionales.<br \/>\n\u2022 Cinco disposiciones transitorias.<br \/>\n\u2022 Una disposici\u00f3n derogatoria.<br \/>\n\u2022 Siete disposiciones finales.<\/p>\n<p>T\u00edtulo preliminar Disposiciones generales\u2022 Art\u00edculo 1: Objeto de la ley\u00a0 &#8212;&#8212;&#8212;&#8212;&#8211;&gt; \u00c1mbito del derecho que regula esta ley. Campo de actuaci\u00f3n.<\/p>\n<p><strong>Art\u00edculo 1: Objeto de la ley<\/strong><\/p>\n<p>Regular los requisitos de validez y eficacia de los <strong>actos administrativos,<\/strong> el <strong>procedimiento administrativo com\u00fan<\/strong> a todas las Administraciones P\u00fablicas, incluyendo el <strong>sancionador<\/strong> y el de <strong>reclamaci\u00f3n de responsabilidad de las Administraciones P\u00fablicas<\/strong><\/p>\n<p>Acto administrativo:<\/p>\n<p>Todo aquel acto de voluntad de cualquier \u00f3rgano administrativo en el ejercicio de sus competencia que cumpla estas condiciones:<\/p>\n<ol>\n<li>Qu\u00e9 est\u00e9 regulado por las leyes o normas administrativas. a.<\/li>\n<li>Que se haya aplicado mediante un procedimiento administrativo previo (por ejemplo,\u00a0 Otorgar licencias, designar empleados p\u00fablicos&#8230;)<\/li>\n<\/ol>\n<p><strong>Art\u00edculo 1.2<\/strong><\/p>\n<p>a) Solo mediante <strong>ley<\/strong>, cuando resulte eficaz, proporcionado y necesario para la consecuci\u00f3n de los fines propios del procedimiento, y de manera motivada, podr\u00e1n incluirse<strong> tr\u00e1mites <\/strong><strong>adicionales o distintos<\/strong> a los contemplados en esta Ley (por ejemplo, las actuaciones y procedimientos en materia de extranjer\u00eda y asilo).<\/p>\n<p>b)\u00a0 <strong>Reglamentariamente<\/strong> podr\u00e1n establecerse especialidades del procedimiento referidas a los <strong>\u00f3rganos competentes<\/strong>, <strong>plazos<\/strong> propios del concreto procedimiento <strong>por raz\u00f3n de la materia<\/strong>,<strong> formas de iniciaci\u00f3n y terminaci\u00f3n, publicaci\u00f3n e informes a recabar<\/strong>.<\/p>\n<p><strong>Art\u00edculo 2 \u00c1mbito subjetivo de aplicaci\u00f3n<\/strong> &#8212;&gt; \u00bfa quien se aplica esta ley?<\/p>\n<p>1. La presente Ley se aplica al sector p\u00fablico, que comprende:<\/p>\n<p style=\"padding-left: 40px;\">a) La Administraci\u00f3n General del <strong>Estado<\/strong>.<br \/>\nb) Las Administraciones de las <strong>Comunidades Aut\u00f3nomas<\/strong>.<br \/>\nc) Las Entidades que integran la <strong>Administraci\u00f3n Local<\/strong>.<br \/>\nd) El <span style=\"color: #ff0000;\"><strong>sector p\u00fablico institucional. <\/strong><\/span><\/p>\n<p>2. El sector p\u00fablico institucional se integra por:<\/p>\n<p>a) Cualesquiera <strong>organismos p\u00fablicos<\/strong> y <strong>entidades de derecho p\u00fablico<\/strong> vinculados o dependientes de las Administraciones P\u00fablicas.<\/p>\n<p style=\"padding-left: 40px;\">Organismo p\u00fablico: AENA (Aeropuertos Espa\u00f1oles y Navegaci\u00f3n A\u00e9rea).<br \/>\nEntidad p\u00fablica: CORREOS<br \/>\n<strong>Diferencia<\/strong>: el organismo aut\u00f3nomo somete toda su actuaci\u00f3n al Derecho Administrativo, mientras que las entidades empresariales se rigen, en parte por el Derecho Mercantil.<\/p>\n<p>b) Las <strong>entidades de derecho privado vinculadas o dependientes de las Administraciones P\u00fablicas<\/strong>, que quedar\u00e1n sujetas a lo dispuesto en las normas de esta Ley que espec\u00edficamente se refieran a las mismas, y en todo caso, cuando<strong> ejerzan potestades administrativas.<\/strong><\/p>\n<p>c) Las <strong>Universidades p\u00fablicas<\/strong>, que se regir\u00e1n por su normativa espec\u00edfica y supletoriamente por las previsiones de esta Ley.<\/p>\n<p>3. Tienen la consideraci\u00f3n de Administraciones P\u00fablicas:<\/p>\n<ul>\n<li>La Administraci\u00f3n General del <strong>Estado<\/strong>,<\/li>\n<li>las Administraciones de las <strong>Comunidades Aut\u00f3nomas<\/strong>,<\/li>\n<li>las Entidades que integran la <strong>Administraci\u00f3n Local,<\/strong><\/li>\n<li>as\u00ed como los organismos p\u00fablicos y entidades de derecho p\u00fablico previstos en la <strong>letra a) del apartado 2<\/strong> anterior (por ejemplo, cualesquiera organismos p\u00fablicos y entidades de derecho p\u00fablico vinculados o dependientes de las Administraciones P\u00fablicas).<\/li>\n<\/ul>\n<p>4. Las <strong>Corporaciones de Derecho P\u00fablico se regir\u00e1n por su normativa espec\u00edfica<\/strong> en el ejercicio de las funciones p\u00fablicas que les hayan sido atribuidas por Ley o delegadas por una Administraci\u00f3n P\u00fablica, y<strong> supletoriamente por la presente Ley<\/strong>.<\/p>\n<p><strong>Corporaci\u00f3n de Derecho P\u00fablico<\/strong>:<\/p>\n<p>Entidades aut\u00f3nomas que representan los intereses de ciertos sectores sociales ante los Poderes P\u00fablicos y desempe\u00f1an funciones p\u00fablicas de ordenaci\u00f3n de dicho sector. <strong>Base privada, funciones p\u00fablicas<\/strong> (por ejemplo, Colegios Profesionales, C\u00e1maras Oficiales, Cofrad\u00edas de Pescadores).<\/p>\n<p>&#8230;<\/p>\n<hr \/>\n<p><em>Antes de comenzar con los test de la Ley 39\/2015, es conveniente leer y asimilar bien la Ley.<\/em><\/p>\n","protected":false},"excerpt":{"rendered":"<h2>TEST de la Ley 39\/2015<\/h2>\n<p>98 preguntas dedicadas a las <strong>Fases del Procedimiento<\/strong>, con hoja de respuestas<\/p>\n","protected":false},"featured_media":391,"comment_status":"open","ping_status":"closed","template":"","meta":{"site-sidebar-layout":"default","site-content-layout":"default","ast-site-content-layout":"default","site-content-style":"default","site-sidebar-style":"default","ast-global-header-display":"","ast-banner-title-visibility":"","ast-main-header-display":"","ast-hfb-above-header-display":"","ast-hfb-below-header-display":"","ast-hfb-mobile-header-display":"","site-post-title":"","ast-breadcrumbs-content":"","ast-featured-img":"","footer-sml-layout":"","ast-disable-related-posts":"","theme-transparent-header-meta":"default","adv-header-id-meta":"","stick-header-meta":"","header-above-stick-meta":"","header-main-stick-meta":"","header-below-stick-meta":"","astra-migrate-meta-layouts":"default","ast-page-background-enabled":"default","ast-page-background-meta":{"desktop":{"background-color":"","background-image":"","background-repeat":"repeat","background-position":"center center","background-size":"auto","background-attachment":"scroll","background-type":"","background-media":"","overlay-type":"","overlay-color":"","overlay-opacity":"","overlay-gradient":""},"tablet":{"background-color":"","background-image":"","background-repeat":"repeat","background-position":"center center","background-size":"auto","background-attachment":"scroll","background-type":"","background-media":"","overlay-type":"","overlay-color":"","overlay-opacity":"","overlay-gradient":""},"mobile":{"background-color":"","background-image":"","background-repeat":"repeat","background-position":"center center","background-size":"auto","background-attachment":"scroll","background-type":"","background-media":"","overlay-type":"","overlay-color":"","overlay-opacity":"","overlay-gradient":""}},"ast-content-background-meta":{"desktop":{"background-color":"var(--ast-global-color-5)","background-image":"","background-repeat":"repeat","background-position":"center center","background-size":"auto","background-attachment":"scroll","background-type":"","background-media":"","overlay-type":"","overlay-color":"","overlay-opacity":"","overlay-gradient":""},"tablet":{"background-color":"var(--ast-global-color-5)","background-image":"","background-repeat":"repeat","background-position":"center center","background-size":"auto","background-attachment":"scroll","background-type":"","background-media":"","overlay-type":"","overlay-color":"","overlay-opacity":"","overlay-gradient":""},"mobile":{"background-color":"var(--ast-global-color-5)","background-image":"","background-repeat":"repeat","background-position":"center center","background-size":"auto","background-attachment":"scroll","background-type":"","background-media":"","overlay-type":"","overlay-color":"","overlay-opacity":"","overlay-gradient":""}}},"product_brand":[],"product_cat":[58,35,72],"product_tag":[61,59,62],"class_list":{"0":"post-389","1":"product","2":"type-product","3":"status-publish","4":"has-post-thumbnail","6":"product_cat-ley-39-2015","7":"product_cat-test-apuntes-temarios-recursos","8":"product_cat-test-de-oposiciones","9":"product_tag-fases-del-procedimiento","10":"product_tag-test-ley-39-2015","11":"product_tag-test-oposiciones","12":"desktop-align-left","13":"tablet-align-left","14":"mobile-align-left","16":"first","17":"instock","18":"downloadable","19":"virtual","20":"purchasable","21":"product-type-simple"},"_links":{"self":[{"href":"https:\/\/estudiosadministrativos.com\/test-temarios-oposiciones\/wp-json\/wp\/v2\/product\/389","targetHints":{"allow":["GET"]}}],"collection":[{"href":"https:\/\/estudiosadministrativos.com\/test-temarios-oposiciones\/wp-json\/wp\/v2\/product"}],"about":[{"href":"https:\/\/estudiosadministrativos.com\/test-temarios-oposiciones\/wp-json\/wp\/v2\/types\/product"}],"replies":[{"embeddable":true,"href":"https:\/\/estudiosadministrativos.com\/test-temarios-oposiciones\/wp-json\/wp\/v2\/comments?post=389"}],"wp:featuredmedia":[{"embeddable":true,"href":"https:\/\/estudiosadministrativos.com\/test-temarios-oposiciones\/wp-json\/wp\/v2\/media\/391"}],"wp:attachment":[{"href":"https:\/\/estudiosadministrativos.com\/test-temarios-oposiciones\/wp-json\/wp\/v2\/media?parent=389"}],"wp:term":[{"taxonomy":"product_brand","embeddable":true,"href":"https:\/\/estudiosadministrativos.com\/test-temarios-oposiciones\/wp-json\/wp\/v2\/product_brand?post=389"},{"taxonomy":"product_cat","embeddable":true,"href":"https:\/\/estudiosadministrativos.com\/test-temarios-oposiciones\/wp-json\/wp\/v2\/product_cat?post=389"},{"taxonomy":"product_tag","embeddable":true,"href":"https:\/\/estudiosadministrativos.com\/test-temarios-oposiciones\/wp-json\/wp\/v2\/product_tag?post=389"}],"curies":[{"name":"wp","href":"https:\/\/api.w.org\/{rel}","templated":true}]}}